{"id":16270,"date":"2018-10-12T16:33:04","date_gmt":"2018-10-12T14:33:04","guid":{"rendered":"http:\/\/scuole.rimini.com\/cd6rimini.gov.it\/?page_id=16270"},"modified":"2020-05-06T19:00:03","modified_gmt":"2020-05-06T17:00:03","slug":"pon-finanziati","status":"publish","type":"page","link":"http:\/\/scuole.rimini.com\/cd6rimini.gov.it\/didattica\/pon-finanziati\/","title":{"rendered":"PON: Piano Operativo Nazionale"},"content":{"rendered":"<h2 style=\"text-align: center;\"><img loading=\"lazy\" class=\"alignnone\" src=\"http:\/\/scuole.rimini.com\/cd6rimini.gov.it\/wp-content\/uploads\/2016\/02\/pon.jpg\" alt=\"pon\" width=\"421\" height=\"103\" \/><br \/>\nPROCEDURE\u00a0 di ATTIVAZIONE<br \/>\ndei LABORATORI PON 2018-19<\/h2>\n<p>Ai moduli del Secondo quadrimestre \u00e8 ancora possibile iscriversi da Venerd\u00ec 14 Dicembre a Sabato 22 Dicembre 2018 scegliendo il laboratorio di proprio interesse. Le iscrizioni rimangono comunque aperte fino al 19 Gennaio 2019 per i moduli che non raggiungono i 24 posti.\u00a0 <a href=\"http:\/\/scuole.rimini.com\/cd6rimini.gov.it\/wp-content\/uploads\/2018\/09\/Circ_063_2019-01-03-Iscrizioni-PON-2-quadr..pdf\">Circ_063_2019-01-03 Iscrizioni-PON-2 quadr.<\/a>\u00a0SI precisa che le iscrizioni fatte a Settembre-Ottobre hanno la precedenza e rimangono registrate,\u00a0 quindi <strong>non<\/strong> occorre compilare il questionario on line nuovamente.<br \/>\nViste alcune disdette si consiglia di effettuare le iscrizioni in attesa che le famiglie vogliano rinunciare.<\/p>\n<p>Vista l&#8217;organizzazione, l&#8217;importanza formativa e la gratuit\u00e0 dei corsi si chiede, nelle possibilit\u00e0, un rispetto degli impegni presi.<\/p>\n<p>Qui potete trovare le indicazioni e i link per un&#8217;ulteriore possibilit\u00e0 di iscrizione:\u00a0<a href=\"http:\/\/scuole.rimini.com\/cd6rimini.gov.it\/wp-content\/uploads\/2018\/10\/Avviso-iscrizioni-ulteriori-PON.pdf\">Avviso iscrizioni ulteriori PON<\/a><\/p>\n<p>I laboratori\u00a0<a href=\"http:\/\/scuole.rimini.com\/cd6rimini.gov.it\/didattica\/pon-finanziati\/pon-competenze-base\/\">PON-Competenze di Base<\/a>\u00a0per la scuola dell&#8217;Infanzia si suddividono nei seguenti moduli:<\/p>\n<ul>\n<li style=\"text-align: left;\"><a href=\"http:\/\/scuole.rimini.com\/cd6rimini.gov.it\/didattica\/pon-finanziati\/pon-competenze-base\/modulo-c_b_-inf-destinazione-coding\/\">DESTINAZIONE CODING<\/a>\u00a0 &#8211; posti completi &#8211; email e calendario inviato &#8211;<strong> INIZIO 29\/10\/18<\/strong><\/li>\n<li style=\"text-align: left;\"><a href=\"http:\/\/scuole.rimini.com\/cd6rimini.gov.it\/didattica\/pon-finanziati\/pon-competenze-base\/modulo-c_b_inf-corpo-gioco-e-relazione\/\">CORPO GIOCO E RELAZIONE<\/a>\u00a0 \u00a0&#8211; posti completi &#8211; email e calendario inviato &#8211;<strong> INIZIO 6\/11\/18<\/strong><\/li>\n<li style=\"text-align: left;\"><a href=\"http:\/\/scuole.rimini.com\/cd6rimini.gov.it\/didattica\/pon-finanziati\/pon-competenze-base\/modulo-c_b_inf-destinazione-gesto-grafico\/\">DESTINAZIONE GESTO GRAFICO<\/a>\u00a0 \u00a0<span style=\"color: #808080;\"> &#8211;\u00a0<\/span>posti completi &#8211; email e calendario inviato &#8211;<span style=\"color: #000000;\"><strong> INIZIO 5\/02\/19<\/strong><\/span><\/li>\n<\/ul>\n<p>Dal\u00a024 Settembre 2018, dalle ore 15:00, era possibile\u00a0<span style=\"color: #ff0000;\">iscrivere<\/span> gli alunni delle <strong>scuole primarie<\/strong>\u00a0ai laboratori <a href=\"http:\/\/scuole.rimini.com\/cd6rimini.gov.it\/didattica\/pon-finanziati\/pon-competenze-base\/\">PON-Competenze di Base<\/a>, <a href=\"http:\/\/scuole.rimini.com\/cd6rimini.gov.it\/didattica\/pon-finanziati\/pon-patrimonio-artistico\/\">PON-Patrimonio Artistico<\/a> e <a href=\"http:\/\/scuole.rimini.com\/cd6rimini.gov.it\/didattica\/pon-finanziati\/pon-cittadinanza-globale\/\">PON-Cittadinanza Globale<\/a>, ai seguenti moduli:<\/p>\n<ul>\n<li><a href=\"http:\/\/scuole.rimini.com\/cd6rimini.gov.it\/didattica\/pon-finanziati\/pon-competenze-base\/modulo-c_b_prim-parole-del-territorio-in-scena\/\">PAROLE DEL TERRITORIO&#8230; IN SCENA<\/a>\u00a0&#8211;\u00a0posti completi &#8211; email e calendario inviato\u00a0 <span style=\"color: #808080;\">&#8211;<span style=\"color: #000000;\">\u00a0<strong>INIZIO 13\/02\/18<\/strong><\/span>\u00a0\u00a0<\/span><\/li>\n<li><a href=\"http:\/\/scuole.rimini.com\/cd6rimini.gov.it\/didattica\/pon-finanziati\/pon-competenze-base\/modulo-c_b_prim-giocosamente-musica\/\">GIOCOSAMENTE&#8230; MUSICA<\/a>\u00a0\u00a0&#8211; posti completi &#8211; email e calendario inviato &#8211; <strong>INIZIO 5\/11\/18<\/strong><\/li>\n<li><a href=\"http:\/\/scuole.rimini.com\/cd6rimini.gov.it\/didattica\/pon-finanziati\/pon-competenze-base\/modulo-c_b_prim-le-mani-nella-terra\/\">LE MANI NELLA TERRA<\/a>\u00a0&#8211; posti completi &#8211; email e calendario inviato &#8211; <strong>INIZIO<\/strong><\/li>\n<li><a href=\"http:\/\/scuole.rimini.com\/cd6rimini.gov.it\/didattica\/pon-finanziati\/pon-competenze-base\/modulo-c_b_prim-digitale-lingua-del-futuro\/\">DIGITALE: LINGUA DEL FUTURO<\/a>\u00a0\u00a0&#8211; posti completi &#8211; email e calendario inviato &#8211; <strong>INIZIO 24\/10\/18<\/strong><\/li>\n<li><a href=\"http:\/\/scuole.rimini.com\/cd6rimini.gov.it\/didattica\/pon-finanziati\/pon-competenze-base\/modulo-c_b_prim-english-in-action1\/\">ENGLISH IN ACTION 1<\/a>\u00a0\u00a0&#8211; posti completi &#8211; email e calendario inviato &#8211;<strong> INIZIO 16\/11\/18<\/strong><\/li>\n<li><a href=\"http:\/\/scuole.rimini.com\/cd6rimini.gov.it\/didattica\/pon-finanziati\/pon-competenze-base\/modulo-c_b_prim-english-in-action2\/\">ENGLISH IN ACTION 2<\/a>\u00a0\u00a0&#8211; posti completi &#8211; email e calendario inviato &#8211;<span style=\"color: #000000;\"><strong> INIZIO Ven. 01\/03\/19<\/strong><\/span><\/li>\n<li><span style=\"color: #ffffff;\">___<\/span><\/li>\n<li><a href=\"http:\/\/scuole.rimini.com\/cd6rimini.gov.it\/didattica\/pon-finanziati\/pon-patrimonio-artistico\/modulo-patrim_art_-alla-scoperta-del-ns-territorio1\/\">ALLA SCOPERTA DEL NOSTRO TERRITORIO 1<\/a>\u00a0\u00a0&#8211; posti completi &#8211; email e calendario inviato &#8211; <strong>INIZIO 19\/10\/18<\/strong><\/li>\n<li><a href=\"http:\/\/scuole.rimini.com\/cd6rimini.gov.it\/didattica\/pon-finanziati\/pon-patrimonio-artistico\/modulo-patrim_art_alla-scoperta-del-nostro-territorio2\/\">ALLA SCOPERTA DEL NOSTRO TERRITORIO 2<\/a>\u00a0\u00a0&#8211; posti completi &#8211;<span style=\"color: #003300;\"><span style=\"color: #000000;\">email e calendario inviato<\/span><\/span><span style=\"color: #339966;\"><strong><span style=\"color: #000000;\">\u00a0&#8211;<\/span>\u00a0<\/strong><\/span><\/li>\n<li><a href=\"http:\/\/scuole.rimini.com\/cd6rimini.gov.it\/didattica\/pon-finanziati\/pon-patrimonio-artistico\/modulo-patrim_art_digita-rimini-e-trova-larte-nascosta\/\">DIGITA RIMINI E TROVA L&#8217;ARTE NASCOSTA<\/a>\u00a0<span style=\"color: #808080;\">\u00a0<\/span>&#8211; 2 posti ancora disponibili &#8211; email e calendario inviato\u00a0 <span style=\"color: #808080;\">&#8211;<span style=\"color: #000000;\">\u00a0<strong>INIZIO 20\/02\/19<\/strong><\/span>\u00a0\u00a0<\/span><\/li>\n<li><a href=\"http:\/\/scuole.rimini.com\/cd6rimini.gov.it\/didattica\/pon-finanziati\/pon-patrimonio-artistico\/modulo-patrim_art_dalle-icone-alla-pixel-art\/\">DALLE ICONE ALLA PIXEL ART<\/a>\u00a0\u00a0&#8211; posti completi &#8211;\u00a0email e calendario inviato <span style=\"color: #000000;\">&#8211;<strong> INIZIO Ven. 8\/03\/19<\/strong><\/span><\/li>\n<li><a href=\"http:\/\/scuole.rimini.com\/cd6rimini.gov.it\/didattica\/pon-finanziati\/pon-patrimonio-artistico\/modulo-patrim_art_-piccoli-attacchi-darte\/\">PICCOLI ATTACCHI D&#8217;ARTE<\/a>\u00a0\u00a0&#8211; posti completi &#8211; email e calendario inviato &#8211; <strong>INIZIO Merc. 7\/11\/18<\/strong><\/li>\n<\/ul>\n<ul>\n<li><a href=\"http:\/\/scuole.rimini.com\/cd6rimini.gov.it\/didattica\/pon-finanziati\/pon-cittadinanza-globale\/modulo_cittad_globale-pronti-partenza-sport1\/\">PRONTI SPORT 1<\/a>\u00a0<span style=\"color: #ff0000;\"><span style=\"color: #000000;\">\u00a0&#8211; email e calendario inviato &#8211;<\/span>\u00a0<span style=\"color: #000000;\"><strong>INIZIO 22\/11\/18<\/strong><\/span><\/span><\/li>\n<li><a href=\"http:\/\/scuole.rimini.com\/cd6rimini.gov.it\/didattica\/pon-finanziati\/pon-cittadinanza-globale\/modulo-citt_globalehelthy-food-feeling-good\/\">HEALTHY FOOD&#8230; FEELING GOOD<\/a>\u00a0\u00a0&#8211; <span style=\"color: #003300;\"><span style=\"color: #000000;\">email e calendario inviato &#8211;<strong> INIZIO Lun. 4\/02\/19<\/strong><\/span><\/span><\/li>\n<li><a href=\"http:\/\/scuole.rimini.com\/cd6rimini.gov.it\/didattica\/pon-finanziati\/pon-cittadinanza-globale\/modulo_cittad_globalelafrica-non-e-lontana\/\">L&#8217;AFRICA NON E&#8217; LONTANA<\/a>\u00a0<span style=\"color: #003300;\">\u00a0<span style=\"color: #000000;\">&#8211; posti completi &#8211; email e calendario inviato &#8211;<strong> INIZIO Lun. 5\/11\/18<\/strong><\/span><\/span><\/li>\n<li><a href=\"http:\/\/scuole.rimini.com\/cd6rimini.gov.it\/didattica\/pon-finanziati\/pon-cittadinanza-globale\/modulo_cittad_globalerispetto-e-pace-valori-in-scena\/\">RISPETTO E PACE, VALORI IN SCENA<\/a>\u00a0&#8211; posti completi &#8211; email e calendario inviato &#8211;<span style=\"color: #000000;\"> <strong>INIZIO 24\/10\/18<\/strong><\/span><\/li>\n<\/ul>\n<p>Sono stati deliberati in Collegio Docenti e in Consiglio di Circolo <a href=\"http:\/\/scuole.rimini.com\/cd6rimini.gov.it\/wp-content\/uploads\/2018\/02\/Punto-5-Criteri-per-la-selezione-dei-destinatari-Progetti-PON-Estratto-delibera-Collegio-del-25_06_18.pdf\"><span style=\"color: #ff0000;\">i criteri per i moduli<\/span><\/a>\u00a0da utilizzare nel caso di iscrizioni maggiori al numero di alunni ammessi e i\u00a0<a href=\"http:\/\/scuole.rimini.com\/cd6rimini.gov.it\/wp-content\/uploads\/2017\/05\/Punto-6-Criteri-per-la-selezione-di-ESPERTI-ESTERNI_CRITERI-E-PUNTEGGI_PER-MODULO_vers_per_7settembre.pdf\">Criteri per l&#8217;individuazione degli esperti\u00a0<\/a><\/p>\n<p>Dai criteri per i moduli si evince come la maggior parte dei laboratori siano aperti a utenti del territorio e a tutti gli alunni dei plessi del nostro Circolo.<\/p>\n<h5><em>Dagli AVVISI PUBBLICI:<br \/>\n<\/em><em>&#8220;Per presentare la domanda di partecipazione i genitori dei minori dovranno accedere al LINK per l\u2019iscrizione corrispondente al modulo scelto, completare il questionario on-line e confermare l\u2019invio. Nel caso qualcuno si trovasse impossibilitato ad accedere alla rete internet potr\u00e0 recarsi presso la segreteria alunni della scuola per avere supporto, limitatamente negli orari di apertura al pubblico. L\u2019operazione di iscrizione sar\u00e0 valida da Luned\u00ec 24 Settembre 2018 alle ore 15:00 a Luned\u00ec 8 Ottobre 2018 ore 15:00.<\/em><\/h5>\n<h5><em>Al termine della procedura, alle famiglie degli alunni le cui domande di iscrizione corrispondono ai criteri previsti e che pertanto si troveranno in posizione utile per essere iscritti ad uno o pi\u00f9 moduli verr\u00e0 inoltrata per mail la modulistica inerente la documentazione necessaria per perfezionare l\u2019iscrizione, modulistica che dovr\u00e0 essere recapitata a scuola opportunamente compilata e firmata d entrambi i genitori. I documenti dovranno essere inviati al Dirigente Scolastico e all\u2019attenzione dell\u2019assistente amministrativa Roberta Paganelli mediante l\u2019indirizzo di posta elettronica rnee01500n@istruzione.it o consegnati in formato cartaceo in Segreteria. Entrambi i genitori degli alunni avranno cura di presentare la documentazione firmata specificando nell\u2019oggetto: PON_ nome modulo iscrizione_alunn0\/a Cognome Nome.<\/em><\/h5>\n<h5><em>IMPORTANTE: I genitori possono iscrivere i figli a pi\u00f9 di un laboratorio. Se un alunno risulter\u00e0 in posizione utile per poter accedere a pi\u00f9 di un modulo, i genitori verranno invitati a scegliere quale modulo far frequentare al proprio figlio. L\u2019eventuale partecipazione del minore ad un secondo modulo verr\u00e0 presa in considerazione solo nel caso ci siano posti liberi dopo la chiusura delle iscrizioni.<br \/>\n<\/em><em>Nella scelta si prega di tenere conto di quanto segue:<br \/>\n<\/em><em> &#8211; i laboratori sono aperti a pi\u00f9 et\u00e0. A livello indicativo si intendono per primo ciclo le classi 1^\/2^e 3^ e come secondo ciclo le classi 4^ e 5^; in caso diverso o specifico troverete le indicazioni nella descrizione delle attivit\u00e0 sul sito<br \/>\n&#8211; la sede del modulo e delle attivit\u00e0 si trova fisicamente in un plesso del Circolo, ma i laboratori sono aperti a tutti<br \/>\n&#8211; il giorno e l\u2019orario definitivi non saranno negoziabili<br \/>\n&#8211; le classi che avranno i rientri fino alle ore 16:00 o 16:10 non potranno sostituire le loro ore scolastiche e disciplinari di lezione con questi laboratori extrascolastici, anche se organizzati nello stesso orario<br \/>\n&#8211; per i moduli dove sono gi\u00e0 stati indicati giorno e orario si prega di non effettuare la doppia iscrizione a laboratori programmati nello stesso giorno della settimana<br \/>\n&#8211; in caso di impossibilit\u00e0 a partecipare al corso ad iscrizione gi\u00e0 effettuata occorre comunicarlo tempestivamente per dar modo alla segreteria d\u2019Istituto di chiamare gli alunni in lista d\u2019attesa.<\/em><\/h5>\n<h5><em>Le attivit\u00e0 si svolgeranno negli spazi delle sedi indicate nel progetto. Considerato che i finanziamenti dei Bandi FSE\/PON sono a carico della Commissione Europea e dello Stato Italiano, sulle famiglie non graver\u00e0 alcuna spesa. Il raggiungimento della sede di svolgimento \u00e8 a carico della famiglia. In caso le richieste superino i posti disponibili verranno applicati, al momento della formazione delle graduatorie, i <a href=\"http:\/\/scuole.rimini.com\/cd6rimini.gov.it\/wp-content\/uploads\/2018\/02\/Punto-5-Criteri-per-la-selezione-dei-destinatari-Progetti-PON-Estratto-delibera-Collegio-del-25_06_18.pdf\">criteri deliberati dagli Organi Collegiali<\/a>. Le attivit\u00e0 didattico-formative saranno articolate in incontri settimanali secondo un apposito calendario previsto dal progetto e pubblicato sul sito. Si precisa altres\u00ec che ogni corso si avvarr\u00e0 delle professionalit\u00e0 di esperti (sia interni che esterni) e di tutor, mantenendo la costante presenza di almeno due figure.&#8221;<\/em><\/h5>\n<p><a href=\"http:\/\/scuole.rimini.com\/cd6rimini.gov.it\/wp-content\/uploads\/2017\/09\/Trattamento-dati-personali-alunni-PON.pdf\">Trattamento dei dati intestato INDIRE<\/a><\/p>\n<p style=\"text-align: center;\">\n","protected":false},"excerpt":{"rendered":"<p>PROCEDURE\u00a0 di ATTIVAZIONE dei LABORATORI PON 2018-19 Ai moduli del Secondo quadrimestre \u00e8 ancora possibile iscriversi da Venerd\u00ec 14 Dicembre a Sabato 22 Dicembre 2018 scegliendo il laboratorio di proprio interesse. Le iscrizioni rimangono comunque aperte fino al 19 Gennaio 2019 per i moduli che non raggiungono i 24 posti.\u00a0 Circ_063_2019-01-03 Iscrizioni-PON-2 quadr.\u00a0SI precisa che&nbsp; &nbsp; <a class=\"moretag\" href=\"http:\/\/scuole.rimini.com\/cd6rimini.gov.it\/didattica\/pon-finanziati\/\" title=\"Leggi l&#180;intero articolo\">&raquo;<\/a><\/p>\n","protected":false},"author":4,"featured_media":16180,"parent":59,"menu_order":0,"comment_status":"closed","ping_status":"closed","template":"","meta":[],"_links":{"self":[{"href":"http:\/\/scuole.rimini.com\/cd6rimini.gov.it\/wp-json\/wp\/v2\/pages\/16270"}],"collection":[{"href":"http:\/\/scuole.rimini.com\/cd6rimini.gov.it\/wp-json\/wp\/v2\/pages"}],"about":[{"href":"http:\/\/scuole.rimini.com\/cd6rimini.gov.it\/wp-json\/wp\/v2\/types\/page"}],"author":[{"embeddable":true,"href":"http:\/\/scuole.rimini.com\/cd6rimini.gov.it\/wp-json\/wp\/v2\/users\/4"}],"replies":[{"embeddable":true,"href":"http:\/\/scuole.rimini.com\/cd6rimini.gov.it\/wp-json\/wp\/v2\/comments?post=16270"}],"version-history":[{"count":70,"href":"http:\/\/scuole.rimini.com\/cd6rimini.gov.it\/wp-json\/wp\/v2\/pages\/16270\/revisions"}],"predecessor-version":[{"id":23402,"href":"http:\/\/scuole.rimini.com\/cd6rimini.gov.it\/wp-json\/wp\/v2\/pages\/16270\/revisions\/23402"}],"up":[{"embeddable":true,"href":"http:\/\/scuole.rimini.com\/cd6rimini.gov.it\/wp-json\/wp\/v2\/pages\/59"}],"wp:featuredmedia":[{"embeddable":true,"href":"http:\/\/scuole.rimini.com\/cd6rimini.gov.it\/wp-json\/wp\/v2\/media\/16180"}],"wp:attachment":[{"href":"http:\/\/scuole.rimini.com\/cd6rimini.gov.it\/wp-json\/wp\/v2\/media?parent=16270"}],"curies":[{"name":"wp","href":"https:\/\/api.w.org\/{rel}","templated":true}]}}