{"id":18807,"date":"2018-09-23T16:41:31","date_gmt":"2018-09-23T14:41:31","guid":{"rendered":"http:\/\/scuole.rimini.com\/cd6rimini.gov.it\/?page_id=18807"},"modified":"2018-11-04T17:33:20","modified_gmt":"2018-11-04T16:33:20","slug":"modulo-patrim_art_-alla-scoperta-del-ns-territorio1","status":"publish","type":"page","link":"http:\/\/scuole.rimini.com\/cd6rimini.gov.it\/didattica\/pon-finanziati\/pon-patrimonio-artistico\/modulo-patrim_art_-alla-scoperta-del-ns-territorio1\/","title":{"rendered":"Modulo Patrim_Art_ &#8220;Alla scoperta del nostro territorio 1&#8221;"},"content":{"rendered":"<h3 style=\"margin-top: 0cm; text-align: center;\" align=\"center\"><b><span style=\"font-size: 10.0pt; font-family: 'Helvetica','sans-serif'; color: black;\">Alla scoperta del nostro territorio 1<\/span><\/b><\/h3>\n<ul>\n<li style=\"margin-top: 0cm; text-align: left;\"><strong><span style=\"color: #ff0000;\"><a style=\"color: #ff0000;\" href=\"https:\/\/goo.gl\/forms\/3YgqMTpWaTy9eYNo2\">ISCRIZIONE<\/a><\/span><\/strong>\u00a0(valida dalle ore 15:00 di Luned\u00ec 24\/09\/2018 alle ore 15:00 di Luned\u00ec 8\/10\/2018)<\/li>\n<li style=\"margin-top: 0cm; text-align: left;\"><strong><span style=\"color: #ff0000;\"><a style=\"color: #ff0000;\" href=\"http:\/\/scuole.rimini.com\/cd6rimini.gov.it\/wp-content\/uploads\/2018\/09\/A_F1_RNDD0006_98236849Determina_alla_scoperta_territorio_1e2.pdf\">DETERMINA AFFIDAMENTO DIRETTO<\/a><\/span><\/strong>\u00a0 \u00a0<a href=\"http:\/\/scuole.rimini.com\/cd6rimini.gov.it\/wp-content\/uploads\/2018\/09\/A_F1_RNDD0006_98235289Indagine-Mercat-oalla-scoperta-territorio1e2.pdf\">INDAGINE DI MERCATO<\/a><\/li>\n<li style=\"margin-top: 0cm; text-align: left;\"><strong><span style=\"color: #ff0000;\"><a style=\"color: #ff0000;\" href=\"http:\/\/scuole.rimini.com\/cd6rimini.gov.it\/wp-content\/uploads\/2018\/09\/Circolare-008-2018-09-21-AVVISO-PUBBLICO-ALUNNI-PRIMARIA-PON-ARTISTICO.docx\">AVVISO PUBBLICO ALUNNI<\/a><\/span>\u00a0 \u00a0<\/strong><a href=\"http:\/\/scuole.rimini.com\/cd6rimini.gov.it\/wp-content\/uploads\/2018\/09\/Circolare-011-2018-09-24-apertura-iscrizioni-PON-primarie.doc\">CIRCOLARE APERTURA ISCRIZIONI<\/a><\/li>\n<\/ul>\n<p><b>Caratteristiche\u00a0modulo<\/b><\/p>\n<table class=\" aligncenter\" style=\"height: 232px;\" width=\"461\">\n<tbody>\n<tr>\n<td width=\"76\"><strong>Destina<br \/>\ntari<\/strong><\/td>\n<td width=\"78\"><strong>Sede modulo<\/strong><\/td>\n<td width=\"47\"><strong>Num.<br \/>\nallievi<\/strong><\/td>\n<td width=\"47\"><strong>Ore tot<\/strong><\/td>\n<td width=\"85\"><strong>Periodo di attua-<br \/>\nzione<\/strong><\/td>\n<td width=\"85\"><strong>Orario ipotetico<\/strong><\/td>\n<\/tr>\n<tr>\n<td width=\"76\">Primo ciclo<\/td>\n<td width=\"78\">Gaiofana<br \/>\n<span style=\"font-size: 10.0pt; font-family: 'Helvetica','sans-serif'; color: black;\">RNEE01505V<\/span><\/td>\n<td width=\"47\">15-20<\/td>\n<td width=\"47\">30<\/td>\n<td width=\"85\">Ottobre 2018 \u2013 Gennaio 2019<\/td>\n<td width=\"85\">Venerd\u00ec<br \/>\ndalle ore\u00a014:00 alle ore 16:00<br \/>\n(15 lezioni)<\/td>\n<\/tr>\n<\/tbody>\n<\/table>\n<p><strong><span style=\"font-family: Helvetica, sans-serif; color: black;\">Descrizione modulo<\/span><\/strong><\/p>\n<p><span style=\"font-size: 10pt;\"><span style=\"font-family: Helvetica, sans-serif; color: black;\">FINALIT\u00c0 La conoscenza e la valorizzazione del patrimonio paesaggistico e culturale costituiscono, anche nel nostro contesto di periferia del centro urbano, una significativa opportunit\u00e0 di aggregazione che offre varie possibilit\u00e0 e consente di dialogare e di condividere esperienze nell\u2019ottica della valorizzazione e della tutela del proprio territorio. Conoscere il patrimonio culturale del luogo in cui si vive permette di esercitare in modo pieno la cittadinanza di ciascun individuo, valorizzando la propria identit\u00e0 e l\u2019incontro con altre culture. Oltre ad essere un intreccio di relazioni umane, il territorio che ospita la comunit\u00e0 \u00e8 anche, per\u00f2, un ambiente fisico del quale va compresa l\u2019importanza e l\u2019esauribilit\u00e0 delle risorse. La nostra finalit\u00e0 \u00e8 educare creativamente e con idee originali ad un vivere \u201csostenibile\u201d che attinga dalla cultura del passato per costruire nel presente un futuro migliore. Attraverso l\u2019attuazione di laboratori all\u2019aria aperta si potr\u00e0 realizzare un percorso finalizzato a \u201cleggere\u201d, conoscere ed esplorare il nostro territorio quale strumento di accoglienza e di piena inclusione, in quanto l\u2019esercizio della cittadinanza attiva passa dalla conoscenza del contesto di vita locale, delle sue istituzioni, del suo patrimonio. <\/span><\/span><\/p>\n<p style=\"margin-top: 0cm;\"><span style=\"font-size: 10.0pt; font-family: 'Helvetica','sans-serif'; color: black;\">OBIETTIVI Contribuire in modo significativo all\u2019arricchimento culturale dei bambini e, attraverso l\u2019esplorazione del territorio e del mondo della natura, incrementare la loro capacit\u00e0 di conoscere l\u2019 ambiente nel quale vivono e le sue risorse, capirne l\u2019importanza e l\u2019esauribilit\u00e0, comprendere l\u2019eredit\u00e0 artistica, storica e paesaggistica del contesto di vita, aprirsi anche ad altre culture, confrontarsi, formulare interpretazioni, utilizzare linguaggi diversi e stimolare la creativit\u00e0 alla ricerca di soluzioni originali e innovative. Offrire un prolungamento del tempo scolastico, vivendo la scuola come luogo di aggregazione sociale e culturale. <\/span><\/p>\n<p style=\"margin-top: 0cm;\"><span style=\"font-size: 10.0pt; font-family: 'Helvetica','sans-serif'; color: black;\">ATTIVIT\u00c0 DIDATTICHE Attraverso l\u2019attuazione di laboratori all\u2019aria aperta si potr\u00e0 realizzare un percorso finalizzato a \u201cleggere\u201d, conoscere ed esplorare il nostro territorio quale strumento di accoglienza e di piena inclusione, in quanto l\u2019esercizio della cittadinanza attiva passa dalla conoscenza del contesto di vita locale, delle sue istituzioni, del suo patrimonio. Si allestiranno vere e proprie aule verdi nelle quali realizzare un contatto diretto e sensoriale con la natura e si avanzeranno proposte didattiche fluide e flessibili, miranti a promuovere negli alunni un sempre maggiore grado di autonomia, di creativit\u00e0 e di competenze trasversali. Le attivit\u00e0 laboratoriali saranno mirate a potenziare le peculiarit\u00e0 individuali, a sostenere tutti i bambini nell\u2019ottica di una reale e fattiva inclusione, in un processo di riavvicinamento alla natura e di costruzione di una identit\u00e0 culturale comune. <\/span><\/p>\n<p style=\"margin-top: 0cm;\"><span style=\"font-size: 10.0pt; font-family: 'Helvetica','sans-serif'; color: black;\">METODOLOGIE Si allestiranno laboratori, aule didattiche all&#8217;aperto, orto destinati a gruppi eterogenei composti da alunni di classi diverse, nei quali si utilizzeranno anche metodologie attive (attivit\u00e0 di gruppo, problem solving, cooperative learning, circle time&#8230;) con la collaborazione di esperti del settore, coinvolgendo enti ed associazioni del territorio. <\/span><\/p>\n<p style=\"margin-top: 0cm;\"><span style=\"font-size: 10.0pt; font-family: 'Helvetica','sans-serif'; color: black;\">RISULTATI ATTESI Affinamento delle conoscenze scientifico-ambientali, storiche, culturali e artistiche del proprio territorio. Maturazione di una maggior consapevolezza del valore del proprio ambiente e delle sue risorse, sentendosi parte attiva della comunit\u00e0 che lo abita. Incremento della capacit\u00e0 di lettura della realt\u00e0 in modo critico, ricercando soluzioni creative, rispettose dell\u2019ambiente e delle diversit\u00e0, confrontandosi anche con altre culture. Accrescimento dell&#8217;autonomia, dell&#8217;autostima e del benessere di ognuno. Miglioramento dell\u2019utilizzo degli spazi coinvolti. Coinvolgimento delle famiglie nel percorso. Prolungamento del tempo scuola. Concepimento della scuola come punto di riferimento culturale del territorio. Rinforzo dei percorsi attivati in orario scolastico. <\/span><\/p>\n<p style=\"margin-top: 0cm;\"><span style=\"font-size: 10.0pt; font-family: 'Helvetica','sans-serif'; color: black;\">MODALIT\u00c0 DI VERIFICA Osservazione sistematica del coinvolgimento e della partecipazione fattiva degli alunni. Produzione di idee e di soluzioni originali e creative. Riflessioni generali, a conclusione del progetto, espresse dagli alunni in merito all\u2019esperienza vissuta.<\/span><\/p>\n<p style=\"margin-top: 0cm;\"><b><span style=\"font-size: 10.0pt; font-family: 'Helvetica','sans-serif'; color: black;\">Data inizio prevista 01\/10\/2018 &#8211;\u00a0Data fine prevista 31\/01\/2019<br \/>\n<\/span><\/b><span style=\"font-size: 10.0pt; font-family: 'Helvetica','sans-serif'; color: black;\">Tipo Modulo Costruzione di una proposta territoriale di turismo culturale, sociale e ambientale sostenibile<\/span><\/p>\n<p style=\"margin-top: 0cm;\"><strong>Scheda finanziaria:<\/strong><\/p>\n<p style=\"margin-top: 0cm;\"><span style=\"font-size: 10.0pt; font-family: 'Helvetica','sans-serif'; color: black;\">Base Esperto Costo ora formazione 70,00 \u20ac\/ora 2.100,00 \u20ac<br \/>\n<\/span><span style=\"font-size: 10.0pt; font-family: 'Helvetica','sans-serif'; color: black;\">Base Tutor Costo ora formazione 30,00 \u20ac\/ora 900,00 \u20ac<br \/>\n<\/span><span style=\"font-size: 10.0pt; font-family: 'Helvetica','sans-serif'; color: black;\">Gestione Gestione Costo orario persona 3,47 \u20ac\/ora 15 1.561,50 \u20ac<br \/>\n<\/span><b><span style=\"font-size: 10.0pt; font-family: 'Helvetica','sans-serif'; color: black;\">TOTALE 4.561,50 \u20ac<\/span><\/b><\/p>\n<table width=\"100%\">\n<tbody>\n<tr>\n<td colspan=\"3\" width=\"100%\"><strong>DOCUMENTI firmati digitalmente dal DS e PROTOCOLLATI indispensabili all\u2019AVVIO dei moduli<\/strong><\/td>\n<\/tr>\n<tr>\n<td width=\"32%\"><strong style=\"font-family: inherit; font-size: inherit;\">DETERMINA AFF. DIR.<\/strong><\/p>\n<p><strong>MANIFEST. INTERESSE<\/strong><\/p>\n<p><strong style=\"font-family: inherit; font-size: inherit;\">CONTRATTO ESPERTO<\/strong><\/td>\n<td width=\"48%\"><a href=\"http:\/\/scuole.rimini.com\/cd6rimini.gov.it\/wp-content\/uploads\/2018\/11\/prot8305_25_9_18Determina_aff_dirett_territorio1_2_patrim_artistic.pdf\">prot8305_25_9_18Determina_aff_dirett_territorio1_2_patrim_artistic<\/a><\/p>\n<p><a href=\"http:\/\/scuole.rimini.com\/cd6rimini.gov.it\/wp-content\/uploads\/2018\/11\/prot8307_25_9_18Indagine_manifest_interesse_territorio1_2_patrim_art.pdf\">prot8307_25_9_18Indagine_manifest_interesse_territorio1_2_patrim_art<\/a><\/p>\n<p><a href=\"http:\/\/scuole.rimini.com\/cd6rimini.gov.it\/wp-content\/uploads\/2018\/11\/prot9354_16_10_18Contratto_Ippogrifo_Territorio1_2_Patrim_Art.pdf\">prot9354_16_10_18Contratto_Ippogrifo_Territorio1_2_Patrim_Art<\/a><\/td>\n<td width=\"18%\"><\/td>\n<\/tr>\n<tr>\n<td width=\"32%\"><strong>INCARICO TUTOR<\/strong><\/td>\n<td width=\"48%\"><a href=\"http:\/\/scuole.rimini.com\/cd6rimini.gov.it\/wp-content\/uploads\/2018\/11\/prot9328_15_10_18Incarico_tutor_territorio1_2_Patrim_art.pdf\">prot9328_15_10_18Incarico_tutor_territorio1_2_Patrim_art<\/a><\/td>\n<td width=\"18%\"><\/td>\n<\/tr>\n<tr>\n<td width=\"32%\"><strong>INCARICO GESTIONE<\/strong><\/td>\n<td width=\"48%\"><a href=\"http:\/\/scuole.rimini.com\/cd6rimini.gov.it\/wp-content\/uploads\/2018\/11\/prot9292_15_10_18Incarico_Supporto_gestione_Patrim_Art.pdf\">prot9292_15_10_18Incarico_Supporto_gestione_Patrim_Art<\/a><\/td>\n<td width=\"18%\"><\/td>\n<\/tr>\n<tr>\n<td width=\"32%\"><strong>DELEGA GESTIONE<\/strong><\/td>\n<td width=\"48%\"><a href=\"http:\/\/scuole.rimini.com\/cd6rimini.gov.it\/wp-content\/uploads\/2018\/11\/prot9540_19_10_18Delega_gestione_Dati_Patrim_Art_.pdf\">prot9540_19_10_18Delega_gestione_Dati_Patrim_Art_<\/a><\/td>\n<td width=\"18%\"><\/td>\n<\/tr>\n<tr>\n<td width=\"32%\"><\/td>\n<td width=\"48%\"><\/td>\n<td width=\"18%\"><\/td>\n<\/tr>\n<tr>\n<td width=\"32%\"><strong>PROT E DATA AUTORIZZAZIONE<br \/>\nMIUR <\/strong><\/td>\n<td width=\"48%\"><\/td>\n<td width=\"18%\"><\/td>\n<\/tr>\n<tr>\n<td width=\"32%\"><strong>CD DELIBERA INSERIMENTO PTOF <\/strong><\/td>\n<td width=\"48%\"><\/td>\n<td width=\"18%\"><\/td>\n<\/tr>\n<tr>\n<td width=\"32%\"><strong>CD DELIBERE RICERCA FIGURE INTERNE<\/strong><\/td>\n<td width=\"48%\"><\/td>\n<td width=\"18%\"><\/td>\n<\/tr>\n<tr>\n<td width=\"32%\"><strong>CD DELIBERA INDIVIDUAZ. FIGURE INTERNE<\/strong><\/td>\n<td width=\"48%\"><\/td>\n<td width=\"18%\"><\/td>\n<\/tr>\n<tr>\n<td width=\"32%\"><strong>CD PROPOSTA CRITERI FIGURE OBBLIGATORIE<\/strong><\/td>\n<td width=\"48%\"><\/td>\n<td width=\"18%\"><\/td>\n<\/tr>\n<tr>\n<td width=\"32%\"><strong>CdC ASSUNZIONE BILANCIO<\/strong><\/td>\n<td width=\"48%\"><\/td>\n<td width=\"18%\"><\/td>\n<\/tr>\n<tr>\n<td width=\"32%\"><strong>CdC DELIBERA CRITERI FIGURE OBBLIGATORIE<\/strong><\/td>\n<td width=\"48%\"><a href=\"http:\/\/scuole.rimini.com\/cd6rimini.gov.it\/wp-content\/uploads\/2018\/11\/Delibera101CdC_Criteri_EspertiPON_13_9_18.pdf\">Delibera101CdC_Criteri_EspertiPON_13_9_18<\/a><\/td>\n<td width=\"18%\"><\/td>\n<\/tr>\n<tr>\n<td width=\"32%\"><strong>PUBBLICIZZAZIONE<\/strong><\/td>\n<td width=\"48%\"><a href=\"http:\/\/scuole.rimini.com\/cd6rimini.gov.it\/wp-content\/uploads\/2018\/11\/prot9023_9_10_18Pubblicizzazione_Patrim_art-1.pdf\">prot9023_9_10_18Pubblicizzazione_Patrim_art<\/a><\/td>\n<td width=\"18%\"><\/td>\n<\/tr>\n<tr>\n<td width=\"32%\"><strong>AVVISO PUBBLICO ALUNNI<\/strong><\/td>\n<td width=\"48%\"><a href=\"http:\/\/scuole.rimini.com\/cd6rimini.gov.it\/wp-content\/uploads\/2018\/11\/prot8175_21_9_18Avviso_Iscriz_Alunni_Patrim_Art.pdf\">prot8175_21_9_18Avviso_Iscriz_Alunni_Patrim_Art<\/a><\/td>\n<td width=\"18%\"><\/td>\n<\/tr>\n<tr>\n<td width=\"32%\"><strong>CRITERI ALUNNI<\/strong><\/td>\n<td width=\"48%\"><\/td>\n<td width=\"18%\"><\/td>\n<\/tr>\n<tr>\n<td width=\"32%\"><strong>\u00a0INCARICO DS<\/strong><\/td>\n<td width=\"48%\"><a href=\"http:\/\/scuole.rimini.com\/cd6rimini.gov.it\/wp-content\/uploads\/2018\/11\/prot9830_25_10_18_IncaricoDS_PAtrim_Art.pdf\">prot9830_25_10_18_IncaricoDS_PAtrim_Art<\/a><\/td>\n<td width=\"18%\"><\/td>\n<\/tr>\n<tr>\n<td width=\"32%\"><strong>\u00a0<\/strong><\/td>\n<td width=\"48%\"><\/td>\n<td width=\"18%\"><\/td>\n<\/tr>\n<\/tbody>\n<\/table>\n<p style=\"margin-top: 0cm;\">\n","protected":false},"excerpt":{"rendered":"<p>Alla scoperta del nostro territorio 1 ISCRIZIONE\u00a0(valida dalle ore 15:00 di Luned\u00ec 24\/09\/2018 alle ore 15:00 di Luned\u00ec 8\/10\/2018) DETERMINA AFFIDAMENTO DIRETTO\u00a0 \u00a0INDAGINE DI MERCATO AVVISO PUBBLICO ALUNNI\u00a0 \u00a0CIRCOLARE APERTURA ISCRIZIONI Caratteristiche\u00a0modulo Destina tari Sede modulo Num. allievi Ore tot Periodo di attua- zione Orario ipotetico Primo ciclo Gaiofana RNEE01505V 15-20 30 Ottobre 2018 \u2013&nbsp; &nbsp; <a class=\"moretag\" href=\"http:\/\/scuole.rimini.com\/cd6rimini.gov.it\/didattica\/pon-finanziati\/pon-patrimonio-artistico\/modulo-patrim_art_-alla-scoperta-del-ns-territorio1\/\" title=\"Leggi l&#180;intero articolo\">&raquo;<\/a><\/p>\n","protected":false},"author":4,"featured_media":0,"parent":18802,"menu_order":0,"comment_status":"closed","ping_status":"closed","template":"","meta":[],"_links":{"self":[{"href":"http:\/\/scuole.rimini.com\/cd6rimini.gov.it\/wp-json\/wp\/v2\/pages\/18807"}],"collection":[{"href":"http:\/\/scuole.rimini.com\/cd6rimini.gov.it\/wp-json\/wp\/v2\/pages"}],"about":[{"href":"http:\/\/scuole.rimini.com\/cd6rimini.gov.it\/wp-json\/wp\/v2\/types\/page"}],"author":[{"embeddable":true,"href":"http:\/\/scuole.rimini.com\/cd6rimini.gov.it\/wp-json\/wp\/v2\/users\/4"}],"replies":[{"embeddable":true,"href":"http:\/\/scuole.rimini.com\/cd6rimini.gov.it\/wp-json\/wp\/v2\/comments?post=18807"}],"version-history":[{"count":16,"href":"http:\/\/scuole.rimini.com\/cd6rimini.gov.it\/wp-json\/wp\/v2\/pages\/18807\/revisions"}],"predecessor-version":[{"id":20371,"href":"http:\/\/scuole.rimini.com\/cd6rimini.gov.it\/wp-json\/wp\/v2\/pages\/18807\/revisions\/20371"}],"up":[{"embeddable":true,"href":"http:\/\/scuole.rimini.com\/cd6rimini.gov.it\/wp-json\/wp\/v2\/pages\/18802"}],"wp:attachment":[{"href":"http:\/\/scuole.rimini.com\/cd6rimini.gov.it\/wp-json\/wp\/v2\/media?parent=18807"}],"curies":[{"name":"wp","href":"https:\/\/api.w.org\/{rel}","templated":true}]}}