{"id":18813,"date":"2018-09-23T18:00:12","date_gmt":"2018-09-23T16:00:12","guid":{"rendered":"http:\/\/scuole.rimini.com\/cd6rimini.gov.it\/?page_id=18813"},"modified":"2018-11-04T17:36:49","modified_gmt":"2018-11-04T16:36:49","slug":"modulo-patrim_art_dalle-icone-alla-pixel-art","status":"publish","type":"page","link":"http:\/\/scuole.rimini.com\/cd6rimini.gov.it\/didattica\/pon-finanziati\/pon-patrimonio-artistico\/modulo-patrim_art_dalle-icone-alla-pixel-art\/","title":{"rendered":"Modulo Patrim_Art_:&#8221;Dalle icone alla pixel art&#8221;"},"content":{"rendered":"<p style=\"text-align: left;\"><b>Titolo: Dalle icone alla pixel art<\/b><\/p>\n<ul>\n<li><strong><span style=\"color: #ff0000;\"><a style=\"color: #ff0000;\" href=\"https:\/\/goo.gl\/forms\/cbjU0jIbVL3h8iMG3\">ISCRIZIONE<\/a><\/span>\u00a0<\/strong>(valida dalle ore 15:00 di Luned\u00ec 24\/09\/2018 alle ore 15:00 di Luned\u00ec 8\/10\/2018)<\/li>\n<li><strong><span style=\"color: #ff0000;\"><a style=\"color: #ff0000;\" href=\"http:\/\/scuole.rimini.com\/cd6rimini.gov.it\/wp-content\/uploads\/2018\/09\/A_F1_RNDD0006_Avviso-protocollato-Esperto-Patrimonio-Artistico.pdf\">BANDO\/AVVISO PUBBLICO ESPERTO<\/a><\/span><\/strong>\u00a0 \u00a0\u00a0<a href=\"http:\/\/scuole.rimini.com\/cd6rimini.gov.it\/wp-content\/uploads\/2018\/09\/Allegato-A-PAtrim-Artistico.docx\">ALLEGATO A<\/a>\u00a0 \u00a0<a href=\"http:\/\/scuole.rimini.com\/cd6rimini.gov.it\/wp-content\/uploads\/2018\/09\/Allegato-B-Patrimonio-Artistico.docx\">ALLEGATO B<\/a>\u00a0 \u00a0<a href=\"http:\/\/scuole.rimini.com\/cd6rimini.gov.it\/wp-content\/uploads\/2018\/09\/Allegato-C-Patrim-Artistico.docx\">ALLEGATO C<\/a><\/li>\n<li><span style=\"color: #ff0000;\"><strong><a style=\"color: #ff0000;\" href=\"http:\/\/scuole.rimini.com\/cd6rimini.gov.it\/wp-content\/uploads\/2018\/09\/AVVISO_PUBBLICO_ALUNNI_PON-Patrimonio-Artistico_pdf.pdf\">AVVISO PUBBLICO ALUNNI<\/a><\/strong><\/span>\u00a0 \u00a0<a href=\"http:\/\/scuole.rimini.com\/cd6rimini.gov.it\/wp-content\/uploads\/2018\/09\/Circolare-011-2018-09-24-apertura-iscrizioni-PON-primarie.doc\">CIRCOLARE APERTURA ISCRIZIONI<\/a><\/li>\n<\/ul>\n<p><b>Caratteristiche\u00a0modulo<\/b><\/p>\n<table class=\" aligncenter\" style=\"height: 203px;\" width=\"467\">\n<tbody>\n<tr>\n<td width=\"76\"><strong>Destina<br \/>\ntari<\/strong><\/td>\n<td width=\"78\"><strong>Sede modulo<\/strong><\/td>\n<td width=\"47\"><strong>Num.<br \/>\nallievi<\/strong><\/td>\n<td width=\"47\"><strong>Ore tot<\/strong><\/td>\n<td width=\"85\"><strong>Periodo di attua-<br \/>\nzione<\/strong><\/td>\n<td width=\"85\"><strong>Orario ipotetico<\/strong><\/td>\n<\/tr>\n<tr>\n<td width=\"76\">Secondo Ciclo<\/td>\n<td width=\"78\">CASTI<br \/>\nRNEE01502Q<\/td>\n<td width=\"47\">20-24<\/td>\n<td width=\"47\">30<br \/>\n(mensa compresa)<\/td>\n<td width=\"85\">Febbraio<br \/>\n2019-<br \/>\nGiugno<br \/>\n2019<\/td>\n<td width=\"85\">Venerd\u00ec,<br \/>\ndalle ore 13:00 alle ore\u00a016:00<br \/>\n(10 lezioni)<\/td>\n<\/tr>\n<\/tbody>\n<\/table>\n<p><b>Descrizione modulo<\/b><\/p>\n<p><span style=\"font-weight: 400;\">Il modulo sar\u00e0 svolto in orario pomeridiano e dedicato ad alunni del secondo ciclo. Tre ore settimanali capaci di aumentare l&#8217;offerta formativa per le famiglie. In particolare chi non ha potuto usufruire del tempo pieno gi\u00e0 presente a scuola ma dedicato solo ad una sezione potr\u00e0, con l&#8217;utilizzo di un&#8217;ora per la mensa, rispondere alle proprie esigenze familiari e lavorative. La finalit\u00e0 del modulo &#8220;Dalle icone alla pixel art&#8221; si prefigge di aiutare il gruppo degli alunni a creare piccole opere d&#8217;arte diversamente simboliche e di diverso peso culturale con le proprie mani scoprendone caratteristiche e peculiarit\u00e0. Inoltre a fine corso gli alunni stessi organizzeranno una mostra-mercato di autofinanziamento. Obiettivi: &#8211; Creare con le mani &#8211; Aiutare gli alunni a riconoscere le loro capacit\u00e0 multiple &#8211; Aumentare l&#8217;utilizzo della fantasia e della creativit\u00e0 &#8211; Conoscere e utilizzare colori forme e simbologie &#8211; Cooperare in gruppo, con i pari e fornendo aiuto concreto\u00a0<\/span>-Organizzare e gestire una mostra mercato per il territorio. Le opere fotografate e i compiti di realt\u00e0 attuati verranno pubblicati sia sul sito della scuola sia sul giornalino scolastico. Si utilizzer\u00e0 un&#8217;aula con LIM della scuola, i tavoli del cooperative learning e alcuni tavoli grandi da lavoro creativo. Il gruppo degli alunni verr\u00e0 suddiviso in sottogruppi di interesse e di lavoro, attuando cooperative learning, peer to peer e compiti di realt\u00e0. Si utilizzeranno anche le strumentazioni disponibili nell&#8217;atelier creativo come fotocamere istrantanee e plotter. Per i risultati attesi, oltre all&#8217;organizzazione di una piccola mostra mercato in collaborazione anche con gli altri progetti, si predisporranno alcuni questionari di gradimento sia agli alunni sia alle famiglie. La valutazione verr\u00e0 effettuata in itinere e al termine del modulo con la presentazione sul campo e l&#8217;osservazione delle proprie opere d&#8217;arte. All&#8217;interno della scuola verr\u00e0 predisposto un momento di visita in cui gli alunni coinvolti presenteranno il lavoro agli altri gruppi classe che, a causa del numero esiguo, non ha potuto partecipare al progetto.<\/p>\n<p><b>Data inizio prevista 01\/02\/2019 &#8211;\u00a0<\/b><b>Data fine prevista 30\/06\/2019<\/b><\/p>\n<p><b>Scheda finanziaria:<br \/>\n<\/b><span style=\"font-weight: 400;\">Base Esperto Costo ora formazione 70,00 \u20ac\/ora 2.100,00 \u20ac<br \/>\n<\/span><span style=\"font-weight: 400;\">Base Tutor Costo ora formazione 30,00 \u20ac\/ora 900,00 \u20ac<br \/>\n<\/span><span style=\"font-weight: 400;\">Opzionali Figura aggiuntiva Costo partecipante 30,00 \u20ac\/alunno 20 600,00 \u20ac<br \/>\n<\/span><span style=\"font-weight: 400;\">Opzionali Mensa Costo giorno persona 7,00 \u20ac\/giorno 10 giorni 20 1.400,00 \u20ac<br \/>\n<\/span><span style=\"font-weight: 400;\">Gestione Gestione Costo orario persona 3,47 \u20ac\/ora 20 2.082,00 \u20ac<\/span><\/p>\n<p><b>TOTALE 7.082,00 \u20ac<\/b><\/p>\n<table width=\"100%\">\n<tbody>\n<tr>\n<td colspan=\"3\" width=\"100%\"><strong>DOCUMENTI firmati digitalmente dal DS e PROTOCOLLATI indispensabili all\u2019AVVIO dei moduli<\/strong><\/td>\n<\/tr>\n<tr>\n<td width=\"32%\"><strong>INCARICO ESPERTO<\/strong><\/td>\n<td width=\"48%\"><a href=\"http:\/\/scuole.rimini.com\/cd6rimini.gov.it\/wp-content\/uploads\/2018\/11\/prot8453_27_9_18Avviso_Pubbl_esperto_Moduli_arte_Patrim_art.pdf\">prot8453_27_9_18Avviso_Pubbl_esperto_Moduli_arte_Patrim_art<\/a><\/p>\n<p><a href=\"http:\/\/scuole.rimini.com\/cd6rimini.gov.it\/wp-content\/uploads\/2018\/11\/prot9632_20_10_18Commissione_valutaz_bandi_Patrim_art.pdf\">prot9632_20_10_18Commissione_valutaz_bandi_Patrim_art<\/a><br \/>\n<a style=\"font-family: inherit; font-size: inherit;\" href=\"http:\/\/scuole.rimini.com\/cd6rimini.gov.it\/wp-content\/uploads\/2018\/11\/prot8801_3_10_18Nomina_Commissione_valutaz_bandi_PatrimArt.pdf\">prot8801_3_10_18Nomina_Commissione_valutaz_bandi_PatrimArt<\/a><\/td>\n<td width=\"18%\"><\/td>\n<\/tr>\n<tr>\n<td width=\"32%\"><strong>INCARICO TUTOR<\/strong><\/td>\n<td width=\"48%\"><\/td>\n<td width=\"18%\"><\/td>\n<\/tr>\n<tr>\n<td width=\"32%\"><strong>INCARICO GESTIONE<\/strong><\/td>\n<td width=\"48%\"><a href=\"http:\/\/scuole.rimini.com\/cd6rimini.gov.it\/wp-content\/uploads\/2018\/11\/prot9292_15_10_18Incarico_Supporto_gestione_Patrim_Art.pdf\">prot9292_15_10_18Incarico_Supporto_gestione_Patrim_Art<\/a><\/td>\n<td width=\"18%\"><\/td>\n<\/tr>\n<tr>\n<td width=\"32%\"><strong>DELEGA GESTIONE<\/strong><\/td>\n<td width=\"48%\"><a href=\"http:\/\/scuole.rimini.com\/cd6rimini.gov.it\/wp-content\/uploads\/2018\/11\/prot9540_19_10_18Delega_gestione_Dati_Patrim_Art_.pdf\">prot9540_19_10_18Delega_gestione_Dati_Patrim_Art_<\/a><\/td>\n<td width=\"18%\"><\/td>\n<\/tr>\n<tr>\n<td width=\"32%\"><\/td>\n<td width=\"48%\"><\/td>\n<td width=\"18%\"><\/td>\n<\/tr>\n<tr>\n<td width=\"32%\"><strong>AUTORIZZAZIONE<br \/>\nMIUR <\/strong><\/td>\n<td width=\"48%\"><\/td>\n<td width=\"18%\"><\/td>\n<\/tr>\n<tr>\n<td width=\"32%\"><strong>CD DELIBERA INSERIMENTO PTOF <\/strong><\/td>\n<td width=\"48%\"><\/td>\n<td width=\"18%\"><\/td>\n<\/tr>\n<tr>\n<td width=\"32%\"><strong>CD DELIBERE RICERCA FIGURE INTERNE<\/strong><\/td>\n<td width=\"48%\"><\/td>\n<td width=\"18%\"><\/td>\n<\/tr>\n<tr>\n<td width=\"32%\"><strong>CD DELIBERA INDIVIDUAZ. FIGURE INTERNE<\/strong><\/td>\n<td width=\"48%\"><\/td>\n<td width=\"18%\"><\/td>\n<\/tr>\n<tr>\n<td width=\"32%\"><strong>CD PROPOSTA CRITERI FIGURE OBBLIGATORIE<\/strong><\/td>\n<td width=\"48%\"><\/td>\n<td width=\"18%\"><\/td>\n<\/tr>\n<tr>\n<td width=\"32%\"><strong>CdC ASSUNZIONE BILANCIO<\/strong><\/td>\n<td width=\"48%\"><\/td>\n<td width=\"18%\"><\/td>\n<\/tr>\n<tr>\n<td width=\"32%\"><strong>CdC DELIBERA CRITERI FIGURE OBBLIGATORIE<\/strong><\/td>\n<td width=\"48%\"><\/td>\n<td width=\"18%\"><\/td>\n<\/tr>\n<tr>\n<td width=\"32%\"><strong>PUBBLICIZZAZIONE<\/strong><\/td>\n<td width=\"48%\"><a href=\"http:\/\/scuole.rimini.com\/cd6rimini.gov.it\/wp-content\/uploads\/2018\/11\/prot9023_9_10_18Pubblicizzazione_Patrim_art-1.pdf\">prot9023_9_10_18Pubblicizzazione_Patrim_art<\/a><\/td>\n<td width=\"18%\"><\/td>\n<\/tr>\n<tr>\n<td width=\"32%\"><strong>AVVISO PUBBLICO ALUNNI<\/strong><\/td>\n<td width=\"48%\"><a href=\"http:\/\/scuole.rimini.com\/cd6rimini.gov.it\/wp-content\/uploads\/2018\/11\/prot8175_21_9_18Avviso_Iscriz_Alunni_Patrim_Art.pdf\">prot8175_21_9_18Avviso_Iscriz_Alunni_Patrim_Art<\/a><\/td>\n<td width=\"18%\"><\/td>\n<\/tr>\n<tr>\n<td width=\"32%\"><strong>CRITERI ALUNNI<\/strong><\/td>\n<td width=\"48%\"><\/td>\n<td width=\"18%\"><\/td>\n<\/tr>\n<tr>\n<td width=\"32%\"><strong>\u00a0INCARICO DS<\/strong><\/td>\n<td width=\"48%\"><a href=\"http:\/\/scuole.rimini.com\/cd6rimini.gov.it\/wp-content\/uploads\/2018\/11\/prot9830_25_10_18_IncaricoDS_PAtrim_Art.pdf\">prot9830_25_10_18_IncaricoDS_PAtrim_Art<\/a>\u00a0<strong>\u00a0<\/strong><\/td>\n<td width=\"18%\"><\/td>\n<\/tr>\n<tr>\n<td width=\"32%\"><strong>\u00a0<\/strong><\/td>\n<td width=\"48%\"><\/td>\n<td width=\"18%\"><\/td>\n<\/tr>\n<\/tbody>\n<\/table>\n","protected":false},"excerpt":{"rendered":"<p>Titolo: Dalle icone alla pixel art ISCRIZIONE\u00a0(valida dalle ore 15:00 di Luned\u00ec 24\/09\/2018 alle ore 15:00 di Luned\u00ec 8\/10\/2018) BANDO\/AVVISO PUBBLICO ESPERTO\u00a0 \u00a0\u00a0ALLEGATO A\u00a0 \u00a0ALLEGATO B\u00a0 \u00a0ALLEGATO C AVVISO PUBBLICO ALUNNI\u00a0 \u00a0CIRCOLARE APERTURA ISCRIZIONI Caratteristiche\u00a0modulo Destina tari Sede modulo Num. allievi Ore tot Periodo di attua- zione Orario ipotetico Secondo Ciclo CASTI RNEE01502Q 20-24 30&nbsp; &nbsp; <a class=\"moretag\" href=\"http:\/\/scuole.rimini.com\/cd6rimini.gov.it\/didattica\/pon-finanziati\/pon-patrimonio-artistico\/modulo-patrim_art_dalle-icone-alla-pixel-art\/\" title=\"Leggi l&#180;intero articolo\">&raquo;<\/a><\/p>\n","protected":false},"author":4,"featured_media":0,"parent":18802,"menu_order":3,"comment_status":"closed","ping_status":"closed","template":"","meta":[],"_links":{"self":[{"href":"http:\/\/scuole.rimini.com\/cd6rimini.gov.it\/wp-json\/wp\/v2\/pages\/18813"}],"collection":[{"href":"http:\/\/scuole.rimini.com\/cd6rimini.gov.it\/wp-json\/wp\/v2\/pages"}],"about":[{"href":"http:\/\/scuole.rimini.com\/cd6rimini.gov.it\/wp-json\/wp\/v2\/types\/page"}],"author":[{"embeddable":true,"href":"http:\/\/scuole.rimini.com\/cd6rimini.gov.it\/wp-json\/wp\/v2\/users\/4"}],"replies":[{"embeddable":true,"href":"http:\/\/scuole.rimini.com\/cd6rimini.gov.it\/wp-json\/wp\/v2\/comments?post=18813"}],"version-history":[{"count":14,"href":"http:\/\/scuole.rimini.com\/cd6rimini.gov.it\/wp-json\/wp\/v2\/pages\/18813\/revisions"}],"predecessor-version":[{"id":20374,"href":"http:\/\/scuole.rimini.com\/cd6rimini.gov.it\/wp-json\/wp\/v2\/pages\/18813\/revisions\/20374"}],"up":[{"embeddable":true,"href":"http:\/\/scuole.rimini.com\/cd6rimini.gov.it\/wp-json\/wp\/v2\/pages\/18802"}],"wp:attachment":[{"href":"http:\/\/scuole.rimini.com\/cd6rimini.gov.it\/wp-json\/wp\/v2\/media?parent=18813"}],"curies":[{"name":"wp","href":"https:\/\/api.w.org\/{rel}","templated":true}]}}