{"id":18816,"date":"2018-09-23T18:00:13","date_gmt":"2018-09-23T16:00:13","guid":{"rendered":"http:\/\/scuole.rimini.com\/cd6rimini.gov.it\/?page_id=18816"},"modified":"2018-11-10T18:08:52","modified_gmt":"2018-11-10T17:08:52","slug":"modulo-patrim_art_-piccoli-attacchi-darte","status":"publish","type":"page","link":"http:\/\/scuole.rimini.com\/cd6rimini.gov.it\/didattica\/pon-finanziati\/pon-patrimonio-artistico\/modulo-patrim_art_-piccoli-attacchi-darte\/","title":{"rendered":"Modulo Patrim_Art_: &#8220;Piccoli attacchi d&#8217;arte&#8221;"},"content":{"rendered":"<p style=\"text-align: left;\"><strong>Titolo modulo:\u00a0 <\/strong>Piccoli attacchi d&#8217;arte<\/p>\n<ul>\n<li><strong><span style=\"color: #ff0000;\"><a style=\"color: #ff0000;\" href=\"https:\/\/goo.gl\/forms\/l0KHL3EWxoY2hLGx1\">ISCRIZIONE<\/a><\/span><\/strong>\u00a0(valida dalle ore 15:00 di Luned\u00ec 24\/09\/2018 alle ore 15:00 di Luned\u00ec 8 Ottobre)<\/li>\n<li><strong><span style=\"color: #ff0000;\"><a style=\"color: #ff0000;\" href=\"http:\/\/scuole.rimini.com\/cd6rimini.gov.it\/wp-content\/uploads\/2018\/09\/A_F1_RNDD0006_Avviso-protocollato-Esperto-Patrimonio-Artistico.pdf\">BANDO\/AVVISO PUBBLICO ESPERTO<\/a><\/span><\/strong>\u00a0 \u00a0 <a href=\"http:\/\/scuole.rimini.com\/cd6rimini.gov.it\/wp-content\/uploads\/2018\/09\/Allegato-A-PAtrim-Artistico.docx\">ALLEGATO A<\/a>\u00a0 \u00a0<a href=\"http:\/\/scuole.rimini.com\/cd6rimini.gov.it\/wp-content\/uploads\/2018\/09\/Allegato-B-Patrimonio-Artistico.docx\">ALLEGATO B<\/a>\u00a0 \u00a0<a href=\"http:\/\/scuole.rimini.com\/cd6rimini.gov.it\/wp-content\/uploads\/2018\/09\/Allegato-C-Patrim-Artistico.docx\">ALLEGATO C<\/a><\/li>\n<li><span style=\"color: #ff0000;\"><strong><a style=\"color: #ff0000;\" href=\"http:\/\/scuole.rimini.com\/cd6rimini.gov.it\/wp-content\/uploads\/2018\/09\/AVVISO_PUBBLICO_ALUNNI_PON-Patrimonio-Artistico_pdf.pdf\">AVVISO PUBBLICO ALUNNI<\/a><\/strong><\/span>\u00a0 \u00a0<a href=\"http:\/\/scuole.rimini.com\/cd6rimini.gov.it\/wp-content\/uploads\/2018\/09\/Circolare-011-2018-09-24-apertura-iscrizioni-PON-primarie.doc\">CIRCOLARE APERTURA ISCRIZIONI<\/a><\/li>\n<\/ul>\n<p><b>Caratteristiche\u00a0modulo<\/b><\/p>\n<table class=\" aligncenter\" style=\"height: 232px;\" width=\"461\">\n<tbody>\n<tr>\n<td width=\"76\"><strong>Destina<br \/>\ntari<\/strong><\/td>\n<td width=\"78\"><strong>Sede modulo<\/strong><\/td>\n<td width=\"47\"><strong>Num.<br \/>\nallievi<\/strong><\/td>\n<td width=\"47\"><strong>Ore tot<\/strong><\/td>\n<td width=\"85\"><strong>Periodo di attua-<br \/>\nzione<\/strong><\/td>\n<td width=\"85\"><strong>Orario ipotetico<\/strong><\/td>\n<\/tr>\n<tr>\n<td width=\"76\">Primo ciclo Scuola Primaria<\/td>\n<td width=\"78\">CASTI<br \/>\n<span style=\"font-weight: 400;\">RNEE01502Q<\/span><\/td>\n<td width=\"47\">15-20<\/td>\n<td width=\"47\">30<br \/>\n(mensa<br \/>\ncompresa)<\/td>\n<td width=\"85\">Ottobre 2018 \u2013 Gennaio 2019<\/td>\n<td width=\"85\">Mercoled\u00ec,<br \/>\ndalle ore\u00a013:00 alle ore\u00a016:00<br \/>\n(10 lezioni)<\/td>\n<\/tr>\n<\/tbody>\n<\/table>\n<p><b>Descrizione modulo<\/b><\/p>\n<p><span style=\"font-weight: 400;\">ll modulo sar\u00e0 svolto in orario pomeridiano e dedicato ad alunni del primo ciclo. Tre ore settimanali capaci di aumentare l&#8217;offerta formativa per le famiglie. In particolare chi non ha potuto usufruire del tempo pieno gi\u00e0 presente a scuola ma dedicato solo ad una sezione potr\u00e0, con l&#8217;utilizzo di un&#8217;ora per la mensa, rispondere ad alcune esigenze familiari e lavorative. La finalit\u00e0 del modulo &#8216;Piccoli attacchi d&#8217;arte&#8217; si prefigge di aiutare il gruppo degli alunni a creare piccole opere d&#8217;arte diversamente simboliche e di diverso peso culturale con le proprie mani scoprendone caratteristiche e peculiarit\u00e0. Inoltre a fine corso gli alunni stessi organizzeranno una mostra-mercato di autofinanziamento. Obiettivi: &#8211; Creare con le mani &#8211; Aiutare gli alunni a riconoscere le loro capacit\u00e0 multiple &#8211; Aumentare l&#8217;utilizzo della fantasia e della creativit\u00e0 &#8211; Conoscere e utilizzare colori forme e simbologie &#8211; Cooperare in gruppo, con i pari e fornendo aiuto concreto -Organizzare e gestire una mostra mercato per il territorio. Si utilizzer\u00e0 un&#8217;aula con LIM della scuola, i tavoli del cooperative learning e alcuni tavoli grandi da lavoro creativo. Il gruppo degli alunni verr\u00e0 suddiviso in sottogruppi di interesse e di lavoro, attuando cooperative learning, peer to peer e compiti di realt\u00e0. Si utilizzeranno anche le strumentazioni disponibili nell&#8217;atelier creativo come fotocamere istrantanee e plotter. Le opere fotografate e i compiti di realt\u00e0 attuati verranno pubblicati sia sul sito della scuola sia sul giornalino scolastico. Per i risultati attesi, oltre all&#8217;organizzazione di una piccola mostra mercato in collaborazione anche con gli altri progetti, si predisporranno alcuni questionari di gradimento sia agli alunni sia alle famiglie. La valutazione verr\u00e0 effettuata in itinere e al termine del modulo con la presentazione sul campo e l&#8217;osservazione delle proprie opere d&#8217;arte. All&#8217;interno della scuola verr\u00e0 predisposto un momento di visita in cui gli alunni coinvolti presenteranno il lavoro agli altri gruppi classe che, a causa del numero esiguo rispetto all&#8217;utenza di tutta la scuola, non ha potuto partecipare al progetto.<\/span><\/p>\n<p><b>Data inizio prevista 01\/10\/2018\u00a0 \u00a0 \u00a0<\/b><b>Data fine prevista 31\/01\/2019<\/b><\/p>\n<p><span style=\"font-weight: 400;\">Tipo Modulo Produzione artistica e culturale<\/span><\/p>\n<p><b>Sezione: Scheda finanziaria<\/b><\/p>\n<p><span style=\"font-weight: 400;\">Base Esperto Costo ora formazione 70,00 \u20ac\/ora 2.100,00 \u20ac<br \/>\n<\/span><span style=\"font-weight: 400;\">Base Tutor Costo ora formazione 30,00 \u20ac\/ora 900,00 \u20ac<br \/>\n<\/span><span style=\"font-weight: 400;\">Opzionali Figura aggiuntiva Costo partecipante 30,00 \u20ac\/alunni 15\u00a0 \u00a0450,00 \u20ac<br \/>\n<\/span><span style=\"font-weight: 400;\">Opzionali Mensa Costo giorno persona 7,00 \u20ac\/giorno 10 giorni 15 alunni\u00a0 \u00a0 \u00a01.050,00 \u20ac<br \/>\n<\/span><span style=\"font-weight: 400;\">Gestione Gestione Costo orario persona 3,47 \u20ac\/ora 15 1.561,50 \u20ac<br \/>\n<\/span><b>TOTALE 6.061,50 \u20ac<\/b><\/p>\n<table width=\"100%\">\n<tbody>\n<tr>\n<td colspan=\"3\" width=\"100%\"><strong>DOCUMENTI firmati digitalmente dal DS e PROTOCOLLATI indispensabili all\u2019AVVIO dei moduli<\/strong><\/td>\n<\/tr>\n<tr>\n<td width=\"32%\"><strong>AVVISO ESPERTO<br \/>\nCOMMISS. VALUT.<br \/>\nINCARICO ESPERTO<\/strong><\/td>\n<td width=\"48%\"><a href=\"http:\/\/scuole.rimini.com\/cd6rimini.gov.it\/wp-content\/uploads\/2018\/11\/prot8453_27_9_18Avviso_Pubbl_esperto_Moduli_arte_Patrim_art.pdf\">prot8453_27_9_18Avviso_Pubbl_esperto_Moduli_arte_Patrim_art<\/a><br \/>\n<a href=\"http:\/\/scuole.rimini.com\/cd6rimini.gov.it\/wp-content\/uploads\/2018\/11\/prot9632_20_10_18Commissione_valutaz_bandi_Patrim_art.pdf\">prot9632_20_10_18Commissione_valutaz_bandi_Patrim_art<\/a><br \/>\n<a style=\"font-family: inherit; font-size: inherit;\" href=\"http:\/\/scuole.rimini.com\/cd6rimini.gov.it\/wp-content\/uploads\/2018\/11\/prot8801_3_10_18Nomina_Commissione_valutaz_bandi_PatrimArt.pdf\">prot8801_3_10_18Nomina_Commissione_valutaz_bandi_PatrimArt<\/a><br \/>\n<a href=\"http:\/\/scuole.rimini.com\/cd6rimini.gov.it\/wp-content\/uploads\/2018\/11\/prot10225_31_10_18_Contratto_Esperto_PiccoliAttacchi_Patrim_Art.pdf\">prot10225_31_10_18_Contratto_Esperto_PiccoliAttacchi_Patrim_Art<\/a><\/td>\n<td width=\"18%\"><\/td>\n<\/tr>\n<tr>\n<td width=\"32%\"><strong>INCARICO TUTOR<br \/>\nRINUNCIA FIG AGG<\/strong><\/td>\n<td width=\"48%\"><a style=\"font-family: inherit; font-size: inherit;\" href=\"http:\/\/scuole.rimini.com\/cd6rimini.gov.it\/wp-content\/uploads\/2018\/11\/prot10224_31_10_18_Incarico_Tutor_Piccoli_Attacchi_darte_PatrimArt.pdf\">prot10224_31_10_18_Incarico_Tutor_Piccoli_Attacchi_darte_PatrimArt<\/a><br \/>\n<a href=\"http:\/\/scuole.rimini.com\/cd6rimini.gov.it\/wp-content\/uploads\/2018\/11\/prot10376_06_11_18_RinunciaFigAggiuntiva_Attacchi_arte_Patrim_art.pdf\">prot10376_06_11_18_RinunciaFigAggiuntiva_Attacchi_arte_Patrim_art<\/a><\/td>\n<td width=\"18%\"><\/td>\n<\/tr>\n<tr>\n<td width=\"32%\"><strong>INCARICO GESTIONE<\/strong><\/td>\n<td width=\"48%\"><a href=\"http:\/\/scuole.rimini.com\/cd6rimini.gov.it\/wp-content\/uploads\/2018\/11\/prot9292_15_10_18Incarico_Supporto_gestione_Patrim_Art.pdf\">prot9292_15_10_18Incarico_Supporto_gestione_Patrim_Art<\/a><\/td>\n<td width=\"18%\"><\/td>\n<\/tr>\n<tr>\n<td width=\"32%\"><strong>DELEGA GESTIONE<\/strong><\/td>\n<td width=\"48%\"><a href=\"http:\/\/scuole.rimini.com\/cd6rimini.gov.it\/wp-content\/uploads\/2018\/11\/prot9540_19_10_18Delega_gestione_Dati_Patrim_Art_.pdf\">prot9540_19_10_18Delega_gestione_Dati_Patrim_Art_<\/a><\/td>\n<td width=\"18%\"><\/td>\n<\/tr>\n<tr>\n<td width=\"32%\"><b>AVVIO<\/b><\/td>\n<td width=\"48%\"><a href=\"http:\/\/scuole.rimini.com\/cd6rimini.gov.it\/wp-content\/uploads\/2018\/11\/prot10436_Avvio_Attacchi_darte_Patrim_art.pdf\">prot10436_Avvio_Attacchi_darte_Patrim_art<\/a><\/td>\n<td width=\"18%\"><\/td>\n<\/tr>\n<tr>\n<td width=\"32%\"><strong>\u00a0AUTORIZZAZIONE<br \/>\nMIUR <\/strong><\/td>\n<td width=\"48%\"><\/td>\n<td width=\"18%\"><\/td>\n<\/tr>\n<tr>\n<td width=\"32%\"><strong>CD DELIBERA INSERIMENTO PTOF <\/strong><\/td>\n<td width=\"48%\"><\/td>\n<td width=\"18%\"><\/td>\n<\/tr>\n<tr>\n<td width=\"32%\"><strong>CD DELIBERE RICERCA FIGURE INTERNE<\/strong><\/td>\n<td width=\"48%\"><\/td>\n<td width=\"18%\"><\/td>\n<\/tr>\n<tr>\n<td width=\"32%\"><strong>CD DELIBERA INDIVIDUAZ. FIGURE INTERNE<\/strong><\/td>\n<td width=\"48%\"><\/td>\n<td width=\"18%\"><\/td>\n<\/tr>\n<tr>\n<td width=\"32%\"><strong>CD PROPOSTA CRITERI FIGURE OBBLIGATORIE<\/strong><\/td>\n<td width=\"48%\"><\/td>\n<td width=\"18%\"><\/td>\n<\/tr>\n<tr>\n<td width=\"32%\"><strong>CdC ASSUNZIONE BILANCIO<\/strong><\/td>\n<td width=\"48%\"><\/td>\n<td width=\"18%\"><\/td>\n<\/tr>\n<tr>\n<td width=\"32%\"><strong>CdC DELIBERA CRITERI FIGURE OBBLIGATORIE<\/strong><\/td>\n<td width=\"48%\"><\/td>\n<td width=\"18%\"><\/td>\n<\/tr>\n<tr>\n<td width=\"32%\"><strong>PUBBLICIZZAZIONE<\/strong><\/td>\n<td width=\"48%\"><a href=\"http:\/\/scuole.rimini.com\/cd6rimini.gov.it\/wp-content\/uploads\/2018\/11\/prot9023_9_10_18Pubblicizzazione_Patrim_art.pdf\">prot9023_9_10_18Pubblicizzazione_Patrim_art<\/a><\/td>\n<td width=\"18%\"><\/td>\n<\/tr>\n<tr>\n<td width=\"32%\"><strong>AVVISO PUBBLICO ALUNNI<\/strong><\/td>\n<td width=\"48%\"><a href=\"http:\/\/scuole.rimini.com\/cd6rimini.gov.it\/wp-content\/uploads\/2018\/11\/prot8175_21_9_18Avviso_Iscriz_Alunni_Patrim_Art.pdf\">prot8175_21_9_18Avviso_Iscriz_Alunni_Patrim_Art<\/a><\/td>\n<td width=\"18%\"><\/td>\n<\/tr>\n<tr>\n<td width=\"32%\"><strong>CRITERI ALUNNI<\/strong><\/td>\n<td width=\"48%\"><\/td>\n<td width=\"18%\"><\/td>\n<\/tr>\n<tr>\n<td width=\"32%\"><strong>\u00a0MENSA<\/strong><\/td>\n<td width=\"48%\"><a href=\"http:\/\/scuole.rimini.com\/cd6rimini.gov.it\/wp-content\/uploads\/2018\/11\/prot9807_24_10_18_Affidam_Diretto_Mensa_Piccoli_attacchi_Patrim_art.pdf\">prot9807_24_10_18_Affidam_Diretto_Mensa_Piccoli_attacchi_Patrim_art<\/a><\/td>\n<td width=\"18%\"><\/td>\n<\/tr>\n<tr>\n<td width=\"32%\"><strong>\u00a0INCARICO DS<\/strong><\/td>\n<td width=\"48%\"><a href=\"http:\/\/scuole.rimini.com\/cd6rimini.gov.it\/wp-content\/uploads\/2018\/11\/prot9830_25_10_18_IncaricoDS_PAtrim_Art.pdf\">prot9830_25_10_18_IncaricoDS_PAtrim_Art<\/a>\u00a0<strong>\u00a0<\/strong><\/td>\n<td width=\"18%\"><\/td>\n<\/tr>\n<\/tbody>\n<\/table>\n","protected":false},"excerpt":{"rendered":"<p>Titolo modulo:\u00a0 Piccoli attacchi d&#8217;arte ISCRIZIONE\u00a0(valida dalle ore 15:00 di Luned\u00ec 24\/09\/2018 alle ore 15:00 di Luned\u00ec 8 Ottobre) BANDO\/AVVISO PUBBLICO ESPERTO\u00a0 \u00a0 ALLEGATO A\u00a0 \u00a0ALLEGATO B\u00a0 \u00a0ALLEGATO C AVVISO PUBBLICO ALUNNI\u00a0 \u00a0CIRCOLARE APERTURA ISCRIZIONI Caratteristiche\u00a0modulo Destina tari Sede modulo Num. allievi Ore tot Periodo di attua- zione Orario ipotetico Primo ciclo Scuola Primaria CASTI&nbsp; &nbsp; <a class=\"moretag\" href=\"http:\/\/scuole.rimini.com\/cd6rimini.gov.it\/didattica\/pon-finanziati\/pon-patrimonio-artistico\/modulo-patrim_art_-piccoli-attacchi-darte\/\" title=\"Leggi l&#180;intero articolo\">&raquo;<\/a><\/p>\n","protected":false},"author":4,"featured_media":0,"parent":18802,"menu_order":2,"comment_status":"closed","ping_status":"closed","template":"","meta":[],"_links":{"self":[{"href":"http:\/\/scuole.rimini.com\/cd6rimini.gov.it\/wp-json\/wp\/v2\/pages\/18816"}],"collection":[{"href":"http:\/\/scuole.rimini.com\/cd6rimini.gov.it\/wp-json\/wp\/v2\/pages"}],"about":[{"href":"http:\/\/scuole.rimini.com\/cd6rimini.gov.it\/wp-json\/wp\/v2\/types\/page"}],"author":[{"embeddable":true,"href":"http:\/\/scuole.rimini.com\/cd6rimini.gov.it\/wp-json\/wp\/v2\/users\/4"}],"replies":[{"embeddable":true,"href":"http:\/\/scuole.rimini.com\/cd6rimini.gov.it\/wp-json\/wp\/v2\/comments?post=18816"}],"version-history":[{"count":18,"href":"http:\/\/scuole.rimini.com\/cd6rimini.gov.it\/wp-json\/wp\/v2\/pages\/18816\/revisions"}],"predecessor-version":[{"id":20472,"href":"http:\/\/scuole.rimini.com\/cd6rimini.gov.it\/wp-json\/wp\/v2\/pages\/18816\/revisions\/20472"}],"up":[{"embeddable":true,"href":"http:\/\/scuole.rimini.com\/cd6rimini.gov.it\/wp-json\/wp\/v2\/pages\/18802"}],"wp:attachment":[{"href":"http:\/\/scuole.rimini.com\/cd6rimini.gov.it\/wp-json\/wp\/v2\/media?parent=18816"}],"curies":[{"name":"wp","href":"https:\/\/api.w.org\/{rel}","templated":true}]}}