{"id":18887,"date":"2018-09-23T18:11:53","date_gmt":"2018-09-23T16:11:53","guid":{"rendered":"http:\/\/scuole.rimini.com\/cd6rimini.gov.it\/?page_id=18887"},"modified":"2019-01-21T20:11:50","modified_gmt":"2019-01-21T19:11:50","slug":"modulo-citt_globalehelthy-food-feeling-good","status":"publish","type":"page","link":"http:\/\/scuole.rimini.com\/cd6rimini.gov.it\/didattica\/pon-finanziati\/pon-cittadinanza-globale\/modulo-citt_globalehelthy-food-feeling-good\/","title":{"rendered":"Modulo_Cittad_Globale:&#8221;Healthy food&#8230; feeling good!&#8221;"},"content":{"rendered":"<p><b>Titolo\u00a0modulo: HEALTHY FOOD&#8230; FEELING GOOD!!!<\/b><\/p>\n<p><b><a href=\"https:\/\/goo.gl\/forms\/zOE36YSuDHCbo5QA2\"><span style=\"color: #ff0000;\">ISCRIZIONE<\/span><\/a>\u00a0(valida da Gioved\u00ec\u00a0 14\/12\/2018 alle ore 12:00\u00a0di Sabato 19\/01\/2019 )<br \/>\n<\/b><b><br \/>\n<\/b><b>Caratteristiche\u00a0modulo<br \/>\n<\/b><\/p>\n<table class=\" aligncenter\" style=\"height: 223px;\" width=\"657\">\n<tbody>\n<tr>\n<td width=\"137\"><\/td>\n<td width=\"76\"><strong>Destina<br \/>\ntari<\/strong><\/td>\n<td width=\"78\"><strong>Sede modulo<\/strong><\/td>\n<td width=\"47\"><strong>Num.<br \/>\nallievi<\/strong><\/td>\n<td width=\"47\"><strong>Ore tot<\/strong><\/td>\n<td width=\"85\"><strong>Periodo di attua-<br \/>\nzione<\/strong><\/td>\n<td width=\"85\"><strong>Orario ipotetico<\/strong><\/td>\n<td width=\"94\"><\/td>\n<\/tr>\n<tr>\n<td width=\"137\"><\/td>\n<td width=\"76\">Primo ciclo<\/td>\n<td width=\"78\">Villaggio<br \/>\nI Maggio<br \/>\n<span style=\"font-weight: 400;\">RNEE01504T<\/span><\/td>\n<td width=\"47\">20-24<\/td>\n<td width=\"47\">30<\/td>\n<td width=\"85\">Febbraio 2019- Giugno 2019<\/td>\n<td width=\"85\">Giorno da definire, dalle ore 16:00 alle ore 18:00<br \/>\n(15 lezioni)<\/td>\n<td width=\"94\"><\/td>\n<\/tr>\n<\/tbody>\n<\/table>\n<p><b>Descrizione modulo<\/b><\/p>\n<p><span style=\"font-weight: 400;\">Educazione alimentare in lingua inglese in orario extrascolastico, dalle 16:00 alle 18:00. <\/span><\/p>\n<p><span style=\"font-weight: 400;\">Sede: Scuola Primaria Villaggio I Maggio<\/span><\/p>\n<p><span style=\"font-weight: 400;\">Finalit\u00e0: Sviluppare un&#8217;educazione alimentare attiva e consapevole, con particolare riferimento al rapporto tra cibo e territorio, al cibo come strumento di conoscenza e integrazione culturale. In questo modulo, per migliorare le competenze di base dei bambini e favorire corretti stili di vita, si fissano i seguenti obiettivi: comunicare in lingua inglese; analizzare il cibo con tutti i sensi; conoscere le principali caratteristiche degli alimenti; denominare cibi e catalogarli a seconda del gruppo alimentare di appartenenza; conoscere la piramide alimentare e individuare nutrienti e alimenti necessari per una dieta bilanciata; riconoscere la necessit\u00e0 di mantenersi sani attraverso semplici azioni quotidiane; promuovere il consumo di frutta e verdura durante la giornata; conoscere i prodotti del nostro territorio (chilometri zero); conoscere ed assaggiare cibi di nazionalit\u00e0 diverse. Il progetto ha un alto profilo di innovazione, in quanto gli obiettivi saranno raggiunti attraverso la metodologia CLIL (Content and Language Integrated Learning). Si prevedono attivit\u00e0 mirate: all&#8217;arricchimento del vocabolario con termini specifici di alimenti, nutrienti, gruppi alimentari, all&#8217;ascolto e lettura di informazioni, alla memorizzazione di canzoni e filastrocche, all&#8217;animazione di dialoghi e conversazioni in lingua inglese. Per apprendere e rinforzare strutture linguistiche adeguate, in riferimento alla metodologia CLIL, saranno proposti giochi, attivit\u00e0 pratiche guidate nell&#8217;orto (learning by doing), attivit\u00e0 laboratoriali e piccoli skatch teatrali. Per consolidare le competenze trasversali gli alunni si eserciteranno in compiti che richiedono la lettura di grafici e tabelle e l\u2019uso di semplici calcoli matematici. Il modulo \u00e8 in linea con quanto realizzato negli anni precedenti presso il cd6 e con il progetto \u201cL&#8217;orto a scuola\u201d della scuola \u201cVillaggio I Maggio\u201d realizzato in collaborazione con il gruppo Ci.Vi.Vo del plesso.<br \/>\n<\/span><span style=\"font-weight: 400;\"> Si fa presente che anche per il prossimo anno scolastico si aderir\u00e0 al programma ministeriale \u201cFrutta nelle scuole\u201d. <\/span><\/p>\n<p><span style=\"font-weight: 400;\">La realizzazione di materiale fotografico e audiovisivo, i prodotti degli alunni per documentare tutte le attivit\u00e0 svolte nel progetto e la loro condivisione nel sito del Circolo dar\u00e0 visibilit\u00e0 all&#8217;esperienza con prospettive di scalabilit\u00e0 e replicabilit\u00e0 della stessa nel tempo non solo all&#8217;interno dell&#8217;Istituto. L&#8217;offerta del laboratorio (tempistica, modalit\u00e0 di attuazione, numero partecipanti&#8230;) sar\u00e0 comunicata all&#8217;utenza attraverso specifici incontri o mediante pubblicazione sul sito della scuola.<\/span><\/p>\n<p><b>Data inizio prevista 01\/02\/2019<\/b><\/p>\n<p><b>Data fine prevista 07\/06\/2019<\/b><\/p>\n<p><span style=\"font-weight: 400;\">Tipo Modulo Educazione alimentare, cibo e territorio<\/span><\/p>\n<p><b>Numero ore 30<\/b><\/p>\n<p><b>Sezione: Scheda finanziaria<\/b><\/p>\n<p><span style=\"font-weight: 400;\">Base Esperto Costo ora formazione 70,00 \u20ac\/ora 2.100,00 \u20ac<br \/>\n<\/span><span style=\"font-weight: 400;\">Base Tutor Costo ora formazione 30,00 \u20ac\/ora 900,00 \u20ac<br \/>\n<\/span><span style=\"font-weight: 400;\">Opzionali Figura aggiuntiva Costo partecipante 30,00 \u20ac\/alunno 20 600,00 \u20ac<br \/>\n<\/span><span style=\"font-weight: 400;\">Gestione Gestione Costo orario persona 3,47 \u20ac\/ora 20\u00a0 2.082,00 \u20ac<\/span><\/p>\n<p><b>TOTALE 5.682,00 \u20ac<\/b><\/p>\n<table width=\"100%\">\n<tbody>\n<tr>\n<td colspan=\"3\" width=\"100%\"><strong>DOCUMENTI firmati digitalmente dal DS e PROTOCOLLATI indispensabili all\u2019AVVIO dei moduli<\/strong><\/td>\n<\/tr>\n<tr>\n<td width=\"32%\"><strong>DETERM. AVVIO PROCEDURA SELEZIONE<br \/>\n<\/strong><br \/>\n<strong>INDAGINE MERCATO<\/strong><\/td>\n<td width=\"48%\">&nbsp;<\/p>\n<p><a href=\"http:\/\/scuole.rimini.com\/cd6rimini.gov.it\/wp-content\/uploads\/2019\/01\/prot282_12_01_19_Indagine-di-mercato-associazione-Healthy-food.pdf\">prot282_12_01_19_Indagine di mercato associazione Healthy food<\/a><\/td>\n<td width=\"18%\"><\/td>\n<\/tr>\n<tr>\n<td width=\"32%\"><strong>INCARICO ESPERTO<\/strong><\/td>\n<td width=\"48%\"><\/td>\n<td width=\"18%\"><\/td>\n<\/tr>\n<tr>\n<td width=\"32%\"><strong>INCARICO TUTOR<\/strong><\/td>\n<td width=\"48%\"><\/td>\n<td width=\"18%\"><\/td>\n<\/tr>\n<tr>\n<td width=\"32%\"><strong>INCARICO GESTIONE<\/strong><\/td>\n<td width=\"48%\"><\/td>\n<td width=\"18%\"><\/td>\n<\/tr>\n<tr>\n<td width=\"32%\"><strong>DELEGA GESTIONE<\/strong><\/td>\n<td width=\"48%\"><a href=\"http:\/\/scuole.rimini.com\/cd6rimini.gov.it\/wp-content\/uploads\/2019\/01\/prot9620_20_10_18Delega_GEstione_Dati_Cittad_Globale.pdf\">prot9620_20_10_18Delega_GEstione_Dati_Cittad_Globale<\/a><\/td>\n<td width=\"18%\"><\/td>\n<\/tr>\n<tr>\n<td width=\"32%\"><strong>AVVIO<\/strong><\/td>\n<td width=\"48%\"><\/td>\n<td width=\"18%\"><\/td>\n<\/tr>\n<tr>\n<td width=\"32%\"><strong>PROT E DATA AUTORIZZAZ.\u00a0MIUR <\/strong><\/td>\n<td width=\"48%\">3340 del 23\/03\/2007<\/td>\n<td width=\"18%\"><\/td>\n<\/tr>\n<tr>\n<td width=\"32%\"><strong>CD DELIBERA INSERIMENTO PTOF <\/strong><\/td>\n<td width=\"48%\"><\/td>\n<td width=\"18%\"><\/td>\n<\/tr>\n<tr>\n<td width=\"32%\"><strong>CD DELIBERE RICERCA FIGURE INTERNE<\/strong><\/td>\n<td width=\"48%\"><\/td>\n<td width=\"18%\"><\/td>\n<\/tr>\n<tr>\n<td width=\"32%\"><strong>CD DELIBERA INDIVIDUAZ. FIGURE INTERNE<\/strong><\/td>\n<td width=\"48%\"><\/td>\n<td width=\"18%\"><\/td>\n<\/tr>\n<tr>\n<td width=\"32%\"><strong>CD PROPOSTA CRITERI FIGURE OBBLIGATORIE<\/strong><\/td>\n<td width=\"48%\"><\/td>\n<td width=\"18%\"><\/td>\n<\/tr>\n<tr>\n<td width=\"32%\"><strong>CdC ASSUNZIONE BILANCIO<\/strong><\/td>\n<td width=\"48%\"><a href=\"http:\/\/scuole.rimini.com\/cd6rimini.gov.it\/wp-content\/uploads\/2018\/11\/Delibera97CdC_Assunzione_Bilancio_Cittad_Globale_13_09_18.pdf\">Delibera97CdC_Assunzione_Bilancio_Cittad_Globale_13_09_18<\/a><\/td>\n<td width=\"18%\"><\/td>\n<\/tr>\n<tr>\n<td width=\"32%\"><strong>CdC DELIBERA CRITERI FIGURE OBBLIGATORIE<\/strong><\/td>\n<td width=\"48%\"><\/td>\n<td width=\"18%\"><\/td>\n<\/tr>\n<tr>\n<td width=\"32%\"><strong>PUBBLICIZZAZIONE<\/strong><\/td>\n<td width=\"48%\"><\/td>\n<td width=\"18%\"><\/td>\n<\/tr>\n<tr>\n<td width=\"32%\"><strong>AVVISO PUBBLICO ALUNNI<\/strong><\/td>\n<td width=\"48%\"><a href=\"http:\/\/scuole.rimini.com\/cd6rimini.gov.it\/wp-content\/uploads\/2018\/11\/prot8223_22_9_18_Avviso_Iscriz_Alunni_CittadGLob.pdf\">prot8223_22_9_18_Avviso_Iscriz_Alunni_CittadGLob<\/a><\/td>\n<td width=\"18%\"><\/td>\n<\/tr>\n<tr>\n<td width=\"32%\"><strong>CRITERI ALUNNI<\/strong><\/td>\n<td width=\"48%\"><\/td>\n<td width=\"18%\"><\/td>\n<\/tr>\n<tr>\n<td width=\"32%\"><strong>\u00a0RINUNCIA FIG AGGIUNT.<\/strong><\/td>\n<td width=\"48%\"><a href=\"http:\/\/scuole.rimini.com\/cd6rimini.gov.it\/wp-content\/uploads\/2019\/01\/prot523_21_01_19_Rinuncia-figura-agg_Healthy-food.pdf\">prot523_21_01_19_Rinuncia figura agg_Healthy food<\/a><\/td>\n<td width=\"18%\"><\/td>\n<\/tr>\n<tr>\n<td width=\"32%\"><strong>\u00a0<\/strong><\/td>\n<td width=\"48%\"><\/td>\n<td width=\"18%\"><\/td>\n<\/tr>\n<\/tbody>\n<\/table>\n","protected":false},"excerpt":{"rendered":"<p>Titolo\u00a0modulo: HEALTHY FOOD&#8230; FEELING GOOD!!! ISCRIZIONE\u00a0(valida da Gioved\u00ec\u00a0 14\/12\/2018 alle ore 12:00\u00a0di Sabato 19\/01\/2019 ) Caratteristiche\u00a0modulo Destina tari Sede modulo Num. allievi Ore tot Periodo di attua- zione Orario ipotetico Primo ciclo Villaggio I Maggio RNEE01504T 20-24 30 Febbraio 2019- Giugno 2019 Giorno da definire, dalle ore 16:00 alle ore 18:00 (15 lezioni) Descrizione modulo&nbsp; &nbsp; <a class=\"moretag\" href=\"http:\/\/scuole.rimini.com\/cd6rimini.gov.it\/didattica\/pon-finanziati\/pon-cittadinanza-globale\/modulo-citt_globalehelthy-food-feeling-good\/\" title=\"Leggi l&#180;intero articolo\">&raquo;<\/a><\/p>\n","protected":false},"author":4,"featured_media":0,"parent":18804,"menu_order":0,"comment_status":"closed","ping_status":"closed","template":"","meta":[],"_links":{"self":[{"href":"http:\/\/scuole.rimini.com\/cd6rimini.gov.it\/wp-json\/wp\/v2\/pages\/18887"}],"collection":[{"href":"http:\/\/scuole.rimini.com\/cd6rimini.gov.it\/wp-json\/wp\/v2\/pages"}],"about":[{"href":"http:\/\/scuole.rimini.com\/cd6rimini.gov.it\/wp-json\/wp\/v2\/types\/page"}],"author":[{"embeddable":true,"href":"http:\/\/scuole.rimini.com\/cd6rimini.gov.it\/wp-json\/wp\/v2\/users\/4"}],"replies":[{"embeddable":true,"href":"http:\/\/scuole.rimini.com\/cd6rimini.gov.it\/wp-json\/wp\/v2\/comments?post=18887"}],"version-history":[{"count":15,"href":"http:\/\/scuole.rimini.com\/cd6rimini.gov.it\/wp-json\/wp\/v2\/pages\/18887\/revisions"}],"predecessor-version":[{"id":21083,"href":"http:\/\/scuole.rimini.com\/cd6rimini.gov.it\/wp-json\/wp\/v2\/pages\/18887\/revisions\/21083"}],"up":[{"embeddable":true,"href":"http:\/\/scuole.rimini.com\/cd6rimini.gov.it\/wp-json\/wp\/v2\/pages\/18804"}],"wp:attachment":[{"href":"http:\/\/scuole.rimini.com\/cd6rimini.gov.it\/wp-json\/wp\/v2\/media?parent=18887"}],"curies":[{"name":"wp","href":"https:\/\/api.w.org\/{rel}","templated":true}]}}