{"id":18902,"date":"2018-09-23T18:04:53","date_gmt":"2018-09-23T16:04:53","guid":{"rendered":"http:\/\/scuole.rimini.com\/cd6rimini.gov.it\/?page_id=18902"},"modified":"2018-11-04T16:54:54","modified_gmt":"2018-11-04T15:54:54","slug":"modulo_cittad_globalerispetto-e-pace-valori-in-scena","status":"publish","type":"page","link":"http:\/\/scuole.rimini.com\/cd6rimini.gov.it\/didattica\/pon-finanziati\/pon-cittadinanza-globale\/modulo_cittad_globalerispetto-e-pace-valori-in-scena\/","title":{"rendered":"Modulo_Cittad_Globale:&#8221;Rispetto e pace, valori in scena!&#8221;"},"content":{"rendered":"<p><b>Titolo del modulo:<\/b> &#8220;RISPETTO E PACE: VALORI IN SCENA!&#8221;<\/p>\n<ul>\n<li><b><span style=\"color: #ff0000;\"><a style=\"color: #ff0000;\" href=\"https:\/\/goo.gl\/forms\/fcf6Hgmx0RbqPH9T2\">ISCRIZIONE<\/a><\/span>\u00a0<\/b>(valida dalle ore 15:00 di luned\u00ec 24\/9\/2018 alle ore 15:00 di luned\u00ec 8\/10\/2018)<\/li>\n<li><b><span style=\"color: #ff0000;\"><a style=\"color: #ff0000;\" href=\"http:\/\/scuole.rimini.com\/cd6rimini.gov.it\/wp-content\/uploads\/2018\/09\/aVVISO-PUBBLICO-ESPERTO-EST-PACE-E-RISPETTO-CON-ALLEGATI.pdf\">BANDO\/AVVISO PUBBLICO ESPERTO ESTERNO\u00a0 CON ALLEGATI\u00a0<\/a><\/span>\u00a0 \u00a0<\/b><a href=\"http:\/\/scuole.rimini.com\/cd6rimini.gov.it\/wp-content\/uploads\/2018\/09\/dETERMINA-AVVIO-PROC-pACE-E-RISPETTO-IN-SCENA.pdf\">DETERMINA AVVIO PROCEDURA<\/a><\/li>\n<li><b><span style=\"color: #ff0000;\"><a style=\"color: #ff0000;\" href=\"http:\/\/scuole.rimini.com\/cd6rimini.gov.it\/wp-content\/uploads\/2018\/09\/AVVISO_PUBBLICO_ALUNNI_PON_Cittadinanza-globale.pdf\">AVVISO PUBBLICO ALUNNI<\/a><\/span>\u00a0 <\/b><a href=\"http:\/\/scuole.rimini.com\/cd6rimini.gov.it\/wp-content\/uploads\/2018\/09\/Circolare-011-2018-09-24-apertura-iscrizioni-PON-primarie.doc\">CIRCOLARE APERTURA ISCRIZIONI<br \/>\n<\/a><b><br \/>\n<\/b><b><\/b><b>Caratteristiche\u00a0modulo<br \/>\n<\/b><\/li>\n<\/ul>\n<table class=\" aligncenter\" style=\"height: 223px;\" width=\"657\">\n<tbody>\n<tr>\n<td width=\"137\"><\/td>\n<td width=\"76\"><strong>Destina<br \/>\ntari<\/strong><\/td>\n<td width=\"78\"><strong>Sede modulo<\/strong><\/td>\n<td width=\"47\"><strong>Num.<br \/>\nallievi<\/strong><\/td>\n<td width=\"47\"><strong>Ore tot<\/strong><\/td>\n<td width=\"85\"><strong>Periodo di attua-<br \/>\nzione<\/strong><\/td>\n<td width=\"85\"><strong>Orario ipotetico<\/strong><\/td>\n<td width=\"94\"><\/td>\n<\/tr>\n<tr>\n<td width=\"137\"><\/td>\n<td width=\"76\">Primo ciclo<\/td>\n<td width=\"78\">Casti<br \/>\n<span style=\"font-weight: 400;\">RNEE01502Q<\/span><\/td>\n<td width=\"47\">15-20<br \/>\n(1 e 2 ciclo)<\/td>\n<td width=\"47\">30<\/td>\n<td width=\"85\">Ottobre 2018 &#8211; Febbraio<br \/>\n2019<\/td>\n<td width=\"85\">Mercoled\u00ec, dalle ore 16:00 alle ore 18:00<br \/>\n(15 lezioni)<\/td>\n<td width=\"94\"><\/td>\n<\/tr>\n<\/tbody>\n<\/table>\n<p style=\"text-align: left;\"><b>Descrizione modulo<\/b><\/p>\n<p><span style=\"font-weight: 400;\">RISPETTO E PACE: VALORI IN SCENA!<br \/>\nPlesso CASTI<br \/>\nSTRUTTURA DEL MODULO: Laboratorio teatrale sulle diversit\u00e0 e sulla capacit\u00e0 di mettere in scena il rispetto per s\u00e8 stessi, per gli altri, per le differenze, per le emozioni e per le proprie storie. Dalla conoscenza alla consapevolezza. La scena come palcoscenico naturale in cui l&#8217;essere umano emerge con le nostre verit\u00e0, timidezze, gioie, rabbie, dolori, allegrie, spensieratezze, differenze. Dalla riflessione sulle esperienze e sulle capacit\u00e0 di ognuno, alla scelta di personaggi e di storie, anche a partire dal vissuto personale, che diventino prototipi per riflettere sull\u2019 accoglienza e il rispetto di tutti. OBIETTIVI: -conoscere s\u00e8 stessi nelle proprie caratteristiche &#8211; comprendere le differenze evidenti ed emozionali di ognuno &#8211; rispettare e saper valorizzare la corporeit\u00e0 e l\u2019identit\u00e0 dell\u2019altro \u2013 saper esprimere in modo semplice e spontaneo carattere ed emozioni \u2013 saper creare con l\u2019aiuto di tutti narrazioni e storie di rispetto. CONTENUTI: La presenza di un sempre maggiore numero di alunni di altre culture e lingua ha infatti stimolato la scuola a diventare centro di aggregazione interculturale in cui si cerca di vivere la diversit\u00e0 come arricchimento e non come disagio. La \u2018mondializzazione\u2019 produce, da un lato, un maggiore contatto tra culture diverse ma, dall&#8217;altro, suscita reazioni di paura e di chiusura &#8216;nel proprio guscio&#8217;, che facilmente sfocia nell&#8217;intolleranza e nell&#8217;emarginazione. Dove ci\u00f2 fosse poco evidente, in realt\u00e0 la chiusura del soggetto, la societ\u00e0 individualista e la connessione pi\u00f9 virtuale che sociale porta gli alunni, fin da piccoli, a non conoscere le proprie emozioni, non saperle condividere n\u00e8 esprimere in modo adeguato. Gli occhi rivolti verso gli altri sono sempre meno generosi e civili. Si cercher\u00e0, tra i risultati attesi, di aumentare il senso di cittadinanza e globalizzazione degli alunni coinvolti portando a rivivere e &#8220;sperimentare&#8221; le tecniche sia davanti alle famiglie, sia davanti agli altri alunni della scuola che non sono stati coinvolti direttamente. Per la valutazione saranno osservate tutte le modalit\u00e0 di coinvolgimento e sar\u00e0 documentata con un video la restituzione finale del laboratorio. Il gruppo di lavoro pubblicher\u00e0 sia sul sito della scuola sia sul giornalino un decalogo dei diritti alle emozioni da condividere con tutte le classi del circolo. Il progetto risponde all\u2019esigenza, infine, di educare gli attuali alunni di scuola e futuri cittadini europei alla scoperta dei valori di collaborazione e di pace che, pur nel rispetto della propria identit\u00e0 etnica e culturale, possono nascere soltanto dall&#8217;empatia con ci\u00f2 che \u00e8 diverso e dal confronto con l&#8217;altro. Sensibilizzare gli alunni alla solidariet\u00e0 nei confronti dei bisogni altrui. METODOLOGIE: Circol time, braistorming, role playng, tecniche teatrali di gestione del corpo, degli spazi, della voce, delle emozioni&#8230; giochi di fiducia e di conoscenza, giochi e interviste a coppie fino alla narrazione di storie animate. Lezione finale: tecniche di laboratorio teatrale e riproduzione dei giochi svolti aperti alle famiglie ed eventualmente capaci di coinvolgerli. Messa in scena di una narrazione o episodio di rispetto per le diversit\u00e0 come origine della pace!<\/span><\/p>\n<p><b>Data inizio prevista 24\/10\/2018<br \/>\n<\/b><b>Data fine prevista 24\/02\/2019<\/b><\/p>\n<p><i><\/i><span style=\"font-weight: 400;\">Tipo Modulo Civismo, rispetto delle diversit\u00e0 e cittadinanza attiva<\/span><\/p>\n<p><b>Sezione: Scheda finanziaria<\/b><\/p>\n<p><span style=\"font-weight: 400;\">Base Esperto Costo ora formazione 70,00 \u20ac\/ora 2.100,00 \u20ac<br \/>\n<\/span><span style=\"font-weight: 400;\">Base Tutor Costo ora formazione 30,00 \u20ac\/ora 900,00 \u20ac<br \/>\n<\/span><span style=\"font-weight: 400;\">Opzionali Figura aggiuntiva Costo partecipante 30,00 \u20ac\/alunno 20 600,00 \u20ac<br \/>\n<\/span><span style=\"font-weight: 400;\">Gestione Gestione Costo orario persona 3,47 \u20ac\/ora 20 2.082,00 \u20ac<\/span><\/p>\n<p><b>TOTALE 5.682,00 \u20ac<\/b><\/p>\n<table width=\"100%\">\n<tbody>\n<tr>\n<td colspan=\"3\" width=\"100%\"><strong>DOCUMENTI firmati digitalmente dal DS e PROTOCOLLATI indispensabili all\u2019AVVIO dei moduli<\/strong><\/td>\n<\/tr>\n<tr>\n<td width=\"32%\"><strong>DETER AVVIO PROC<br \/>\nAVVISO PUBBLICO<br \/>\nVALUT. DI COMM.<br \/>\n<\/strong><strong style=\"font-family: inherit; font-size: inherit;\">INCARICO ESPERTO<\/strong><\/td>\n<td width=\"48%\"><a href=\"http:\/\/scuole.rimini.com\/cd6rimini.gov.it\/wp-content\/uploads\/2018\/11\/prot8698_1_10_18Determina_avvio_procedura_avviso_Rispetto_in_scena_cittad_glob.pdf\">prot8698_1_10_18Determina_avvio_procedura_avviso_Rispetto_in_scena_cittad_glob<\/a><br \/>\n<a style=\"font-family: inherit; font-size: inherit;\" href=\"http:\/\/scuole.rimini.com\/cd6rimini.gov.it\/wp-content\/uploads\/2018\/11\/prot8699_1_10_18Avviso_pubbl_esperto_Rispetto_in_scena_Cittad_Globale.pdf\">prot8699_1_10_18Avviso_pubbl_esperto_Rispetto_in_scena_Cittad_Globale<\/a><br \/>\n<a href=\"http:\/\/scuole.rimini.com\/cd6rimini.gov.it\/wp-content\/uploads\/2018\/11\/prot9614_20_10_18Valutazione_esperto_Rispetto_in_scena_Cittad_Globale.pdf\">prot9614_20_10_18Valutazione_esperto_Rispetto_in_scena_Cittad_Globale\u00a0\u00a0\u00a0<\/a><br \/>\n<a href=\"http:\/\/scuole.rimini.com\/cd6rimini.gov.it\/wp-content\/uploads\/2018\/11\/prot9727_23_10_18_Determina_Graduat_Def_Rispetto_in_Scena_Cittad_Glob.pdf\">prot9727_23_10_18_Determina_Graduat_Def_Rispetto_in_Scena_Cittad_Glob<\/a><br \/>\n<a href=\"http:\/\/scuole.rimini.com\/cd6rimini.gov.it\/wp-content\/uploads\/2018\/11\/prot9728_23_10_18_Contratto_Esperto_Rispetto_in-_Scena_Cittad_Glob.pdf\">prot9728_23_10_18_Contratto_Esperto_Rispetto_in _Scena_Cittad_Glob<\/a><\/td>\n<td width=\"18%\"><\/td>\n<\/tr>\n<tr>\n<td width=\"32%\"><strong>INCARICO TUTOR<\/strong><\/td>\n<td width=\"48%\"><a href=\"http:\/\/scuole.rimini.com\/cd6rimini.gov.it\/wp-content\/uploads\/2018\/11\/prot9686_22_10_18_Incarico_Tutor_Rispetto_in_Scena_Cittad_glob.pdf\">prot9686_22_10_18_Incarico_Tutor_Rispetto_in_Scena_Cittad_glob<\/a><\/td>\n<td width=\"18%\"><\/td>\n<\/tr>\n<tr>\n<td width=\"32%\"><strong>INCARICO GEST.<\/strong><\/td>\n<td width=\"48%\"><\/td>\n<td width=\"18%\"><\/td>\n<\/tr>\n<tr>\n<td width=\"32%\"><strong>DELEGA GESTIONE<\/strong><\/td>\n<td width=\"48%\"><a href=\"http:\/\/scuole.rimini.com\/cd6rimini.gov.it\/wp-content\/uploads\/2018\/11\/prot9620_20_10_18Delega_GEstione_Dati_Cittad_Globale.pdf\">prot9620_20_10_18Delega_GEstione_Dati_Cittad_Globale<\/a><\/td>\n<td width=\"18%\"><\/td>\n<\/tr>\n<tr>\n<td width=\"32%\"><strong>\u00a0AUTORIZZ. MIUR <\/strong><\/td>\n<td width=\"48%\"><\/td>\n<td width=\"18%\"><\/td>\n<\/tr>\n<tr>\n<td width=\"32%\"><strong>CD DELIBERA INSERIMENTO PTOF <\/strong><\/td>\n<td width=\"48%\"><\/td>\n<td width=\"18%\"><\/td>\n<\/tr>\n<tr>\n<td width=\"32%\"><strong>CD DELIBERE RICERCA, INDIVIDUAZ. FIGURE INTERNE, FIG. DI SUPPORTO ED ESPERTO ESTERNO<\/strong><\/td>\n<td width=\"48%\"><a href=\"http:\/\/scuole.rimini.com\/cd6rimini.gov.it\/wp-content\/uploads\/2018\/10\/Verbale-del-Collegio-del-14-settembre-2018-definitivo.pdf\">http:\/\/scuole.rimini.com\/cd6rimini.gov.it\/wp-content\/uploads\/2018\/10\/Verbale-del-Collegio-del-14-settembre-2018-definitivo.pdf<\/a><\/td>\n<td width=\"18%\">PUNTO 11 O.d.G.<\/td>\n<\/tr>\n<tr>\n<td width=\"32%\"><strong>RINUNCIA FIG AGG<\/strong><\/td>\n<td width=\"48%\"><a href=\"http:\/\/scuole.rimini.com\/cd6rimini.gov.it\/wp-content\/uploads\/2018\/11\/prot9768_24_10_18_Rinuncia_Figura_Aggiuntiva_Cittad_Globale.pdf\">prot9768_24_10_18_Rinuncia_Figura_Aggiuntiva_Cittad_Globale<\/a><\/td>\n<td width=\"18%\"><\/td>\n<\/tr>\n<tr>\n<td width=\"32%\"><strong>CdC ASSUNZIONE BILANCIO<\/strong><\/td>\n<td width=\"48%\"><a href=\"http:\/\/scuole.rimini.com\/cd6rimini.gov.it\/wp-content\/uploads\/2018\/11\/Delibera97CdC_Assunzione_Bilancio_Cittad_Globale_13_09_18.pdf\">Delibera97CdC_Assunzione_Bilancio_Cittad_Globale_13_09_18<\/a><\/td>\n<td width=\"18%\"><\/td>\n<\/tr>\n<tr>\n<td width=\"32%\"><strong>PUBBLICIZZAZIONE<\/strong><\/td>\n<td width=\"48%\"><a href=\"http:\/\/scuole.rimini.com\/cd6rimini.gov.it\/wp-content\/uploads\/2018\/11\/prot8690_1_10_18_Pubblicizzazione_Cittad_Global.pdf\">prot8690_1_10_18_Pubblicizzazione_Cittad_Global<\/a><\/td>\n<td width=\"18%\"><\/td>\n<\/tr>\n<tr>\n<td width=\"32%\"><strong>\u00a0AVVISO ALUNNI<\/strong><\/td>\n<td width=\"48%\"><a href=\"http:\/\/scuole.rimini.com\/cd6rimini.gov.it\/wp-content\/uploads\/2018\/11\/prot8223_22_9_18_Avviso_Iscriz_Alunni_CittadGLob.pdf\">prot8223_22_9_18_Avviso_Iscriz_Alunni_CittadGLob<\/a><\/td>\n<td width=\"18%\"><\/td>\n<\/tr>\n<tr>\n<td width=\"32%\"><strong>\u00a0CRITERI ALUNNI<\/strong><\/td>\n<td width=\"48%\"><\/td>\n<td width=\"18%\"><\/td>\n<\/tr>\n<tr>\n<td width=\"32%\"><strong>\u00a0<\/strong><\/td>\n<td width=\"48%\"><\/td>\n<td width=\"18%\"><\/td>\n<\/tr>\n<tr>\n<td width=\"32%\"><strong>\u00a0<\/strong><\/td>\n<td width=\"48%\"><\/td>\n<td width=\"18%\"><\/td>\n<\/tr>\n<\/tbody>\n<\/table>\n","protected":false},"excerpt":{"rendered":"<p>Titolo del modulo: &#8220;RISPETTO E PACE: VALORI IN SCENA!&#8221; ISCRIZIONE\u00a0(valida dalle ore 15:00 di luned\u00ec 24\/9\/2018 alle ore 15:00 di luned\u00ec 8\/10\/2018) BANDO\/AVVISO PUBBLICO ESPERTO ESTERNO\u00a0 CON ALLEGATI\u00a0\u00a0 \u00a0DETERMINA AVVIO PROCEDURA AVVISO PUBBLICO ALUNNI\u00a0 CIRCOLARE APERTURA ISCRIZIONI Caratteristiche\u00a0modulo Destina tari Sede modulo Num. allievi Ore tot Periodo di attua- zione Orario ipotetico Primo ciclo Casti&nbsp; &nbsp; <a class=\"moretag\" href=\"http:\/\/scuole.rimini.com\/cd6rimini.gov.it\/didattica\/pon-finanziati\/pon-cittadinanza-globale\/modulo_cittad_globalerispetto-e-pace-valori-in-scena\/\" title=\"Leggi l&#180;intero articolo\">&raquo;<\/a><\/p>\n","protected":false},"author":4,"featured_media":0,"parent":18804,"menu_order":0,"comment_status":"closed","ping_status":"closed","template":"","meta":[],"_links":{"self":[{"href":"http:\/\/scuole.rimini.com\/cd6rimini.gov.it\/wp-json\/wp\/v2\/pages\/18902"}],"collection":[{"href":"http:\/\/scuole.rimini.com\/cd6rimini.gov.it\/wp-json\/wp\/v2\/pages"}],"about":[{"href":"http:\/\/scuole.rimini.com\/cd6rimini.gov.it\/wp-json\/wp\/v2\/types\/page"}],"author":[{"embeddable":true,"href":"http:\/\/scuole.rimini.com\/cd6rimini.gov.it\/wp-json\/wp\/v2\/users\/4"}],"replies":[{"embeddable":true,"href":"http:\/\/scuole.rimini.com\/cd6rimini.gov.it\/wp-json\/wp\/v2\/comments?post=18902"}],"version-history":[{"count":27,"href":"http:\/\/scuole.rimini.com\/cd6rimini.gov.it\/wp-json\/wp\/v2\/pages\/18902\/revisions"}],"predecessor-version":[{"id":20359,"href":"http:\/\/scuole.rimini.com\/cd6rimini.gov.it\/wp-json\/wp\/v2\/pages\/18902\/revisions\/20359"}],"up":[{"embeddable":true,"href":"http:\/\/scuole.rimini.com\/cd6rimini.gov.it\/wp-json\/wp\/v2\/pages\/18804"}],"wp:attachment":[{"href":"http:\/\/scuole.rimini.com\/cd6rimini.gov.it\/wp-json\/wp\/v2\/media?parent=18902"}],"curies":[{"name":"wp","href":"https:\/\/api.w.org\/{rel}","templated":true}]}}