{"id":7531,"date":"2015-01-05T17:58:39","date_gmt":"2015-01-05T16:58:39","guid":{"rendered":"http:\/\/scuole.rimini.com\/cd6rimini.gov.it\/?page_id=7531"},"modified":"2015-01-05T17:58:39","modified_gmt":"2015-01-05T16:58:39","slug":"personale-a-t-a","status":"publish","type":"page","link":"http:\/\/scuole.rimini.com\/cd6rimini.gov.it\/segreteria\/personale-a-t-a\/","title":{"rendered":"Personale A.T.A."},"content":{"rendered":"<h3 style=\"text-align: center;\">Personale Amministrativo, Tecnico e Ausiliario<\/h3>\n<p>Hanno il compito di assolvere alle funzioni amministrative, contabili, gestionali, strumentali, operative e di sorveglianza connesse all&#8217;attivit\u00e0 delle istituzioni scolastiche, in rapporto di collaborazione con il dirigente scolastico e con il personale docente.<\/p>\n<p>In particolare si occupano delle attivit\u00e0 e mansioni espressamente previste dalla loro area di appartenenza (vedi <strong>Profili di Area<\/strong>) tenendo conto dei loro incarichi specifici e svolgendo compiti di particolare responsabilit\u00e0, rischio o disagio, necessari per la realizzazione del piano dell&#8217; Offerta Formativa.\u00a0 I rappresentanti del personale\u00a0ATA formano insieme al Dirigente scolastico, ai rappresentanti degli insegnanti e\u00a0ai rappresentanti dei genitori il Consiglio di Circolo.<\/p>\n<p><strong>Profili di Area<\/strong><\/p>\n<ul>\n<li><em>Area A<\/em>\n<ul>\n<li><em>Collaboratore scolastico<\/em> \u00e8 addetto ai servizi generali della scuola con compiti di accoglienza e di sorveglianza degli alunni, nei periodi antecedenti e successivi alle attivit\u00e0 didattiche, di pulizia dei locali, degli spazi scolastici e degli arredi, di vigilanza e assistenza durante il pasto, di custodia e di sorveglianza generica sui locali della scuola e di collaborazione con i docenti.<\/li>\n<\/ul>\n<\/li>\n<li><em>Area B<\/em>\n<ul>\n<li><em>Assistente amministrativo<\/em> pu\u00f2 essere addetto, con responsabilit\u00e0 diretta, alla custodia e alla registrazione del materiale. Ha competenza nella tenuta dell&#8217;archivio e del protocollo.<\/li>\n<li><em>Assistente tecnico<\/em> d\u00e0 supporto tecnico allo svolgimento delle attivit\u00e0 didattiche. Garantisce l&#8217;efficienza e la funzionalit\u00e0 dei laboratori.<\/li>\n<\/ul>\n<\/li>\n<\/ul>\n<ul>\n<li><em>Area C<\/em>\n<ul>\n<li><em>Coordinatore amministrativo<\/em> ha autonomia operativa e responsabilit\u00e0 diretta nell&#8217;esecuzione degli atti di ordine amministrativo contabile di ragioneria e di economato. Coordina gli addetti dell&#8217;area B e pu\u00f2 sostituire il DSGA (Direttore dei servizi generali e amministrativi).<\/li>\n<li><em>Coordinatore tecnico<\/em> svolge servizi tecnici nell&#8217;area di riferimento assegnata, si occupa della conduzione tecnica dei laboratori, delle officine e dei reparti di lavorazione e coordina pi\u00f9 addetti dell&#8217;area B.<\/li>\n<\/ul>\n<\/li>\n<\/ul>\n<ul>\n<li><em>Area D<\/em>\n<ul>\n<li><em>Direttore dei servizi generali e amministrativi<\/em> sovrintende, con autonomia operativa, ai servizi generali amministrativo-contabili. Organizza le attivit\u00e0 di tutto il personale ATA.<br \/>\n","protected":false},"excerpt":{"rendered":"<p>Personale Amministrativo, Tecnico e Ausiliario Hanno il compito di assolvere alle funzioni amministrative, contabili, gestionali, strumentali, operative e di sorveglianza connesse all&#8217;attivit\u00e0 delle istituzioni scolastiche, in rapporto di collaborazione con il dirigente scolastico e con il personale docente. In particolare si occupano delle attivit\u00e0 e mansioni espressamente previste dalla loro area di appartenenza (vedi Profili&nbsp; &nbsp; <a class=\"moretag\" href=\"http:\/\/scuole.rimini.com\/cd6rimini.gov.it\/segreteria\/personale-a-t-a\/\" title=\"Leggi l&#180;intero articolo\">&raquo;<\/a><\/p>\n","protected":false},"author":1,"featured_media":0,"parent":57,"menu_order":0,"comment_status":"closed","ping_status":"open","template":"","meta":[],"_links":{"self":[{"href":"http:\/\/scuole.rimini.com\/cd6rimini.gov.it\/wp-json\/wp\/v2\/pages\/7531"}],"collection":[{"href":"http:\/\/scuole.rimini.com\/cd6rimini.gov.it\/wp-json\/wp\/v2\/pages"}],"about":[{"href":"http:\/\/scuole.rimini.com\/cd6rimini.gov.it\/wp-json\/wp\/v2\/types\/page"}],"author":[{"embeddable":true,"href":"http:\/\/scuole.rimini.com\/cd6rimini.gov.it\/wp-json\/wp\/v2\/users\/1"}],"replies":[{"embeddable":true,"href":"http:\/\/scuole.rimini.com\/cd6rimini.gov.it\/wp-json\/wp\/v2\/comments?post=7531"}],"version-history":[{"count":1,"href":"http:\/\/scuole.rimini.com\/cd6rimini.gov.it\/wp-json\/wp\/v2\/pages\/7531\/revisions"}],"predecessor-version":[{"id":7532,"href":"http:\/\/scuole.rimini.com\/cd6rimini.gov.it\/wp-json\/wp\/v2\/pages\/7531\/revisions\/7532"}],"up":[{"embeddable":true,"href":"http:\/\/scuole.rimini.com\/cd6rimini.gov.it\/wp-json\/wp\/v2\/pages\/57"}],"wp:attachment":[{"href":"http:\/\/scuole.rimini.com\/cd6rimini.gov.it\/wp-json\/wp\/v2\/media?parent=7531"}],"curies":[{"name":"wp","href":"https:\/\/api.w.org\/{rel}","templated":true}]}}