{"id":7536,"date":"2015-01-05T18:01:54","date_gmt":"2015-01-05T17:01:54","guid":{"rendered":"http:\/\/scuole.rimini.com\/cd6rimini.gov.it\/?page_id=7536"},"modified":"2020-12-28T18:37:26","modified_gmt":"2020-12-28T17:37:26","slug":"criteri-di-precedenza","status":"publish","type":"page","link":"http:\/\/scuole.rimini.com\/cd6rimini.gov.it\/segreteria\/iscrizioni\/criteri-di-precedenza\/","title":{"rendered":"Criteri di precedenza"},"content":{"rendered":"<p>Per quanto riguarda le domande di iscrizione alla scuola primaria siete fortemente invitati ad indicare oltre alla <img loading=\"lazy\" class=\" wp-image-24889 alignright\" src=\"http:\/\/scuole.rimini.com\/cd6rimini.gov.it\/wp-content\/uploads\/2020\/12\/criteri-checklist-310092__340-205x300.png\" alt=\"\" width=\"192\" height=\"281\" srcset=\"http:\/\/scuole.rimini.com\/cd6rimini.gov.it\/wp-content\/uploads\/2020\/12\/criteri-checklist-310092__340-205x300.png 205w, http:\/\/scuole.rimini.com\/cd6rimini.gov.it\/wp-content\/uploads\/2020\/12\/criteri-checklist-310092__340-180x264.png 180w, http:\/\/scuole.rimini.com\/cd6rimini.gov.it\/wp-content\/uploads\/2020\/12\/criteri-checklist-310092__340.png 232w\" sizes=\"(max-width: 192px) 100vw, 192px\" \/>prima opzione di scuola, anche la seconda e terza opzione di scuola. Le domande che non conterranno la seconda o la terza opzione verranno prese in considerazione dopo che avranno trovato una collocazione le domande (presentate anche presso altre Istituzioni Scolastiche) che hanno indicato tutte e tre le opzioni, come chiaramente specificato nel <a href=\"http:\/\/scuole.rimini.com\/cd6rimini.gov.it\/la-scuola\/regolamenti\/regolamento-distituto\/\" target=\"_blank\" rel=\"noopener\">Regolamento di Circolo<\/a> all&#8217;articolo 23 come di seguito riportato.<\/p>\n<h3 style=\"text-align: center;\"><span style=\"color: #ff0000;\"><strong>Criteri relativi alle priorit\u00e0 per quanto riguarda l\u2019accettazione delle domande di iscrizione, attivazione tempi scuola, formazione delle sezioni\/classi e criteri di depennamento dall\u2019iscrizione alla scuola dell\u2019infanzia in corso d\u2019anno<\/strong><\/span><\/h3>\n<ol>\n<li><strong>Commissione Valutazione domande d\u2019iscrizione<\/strong><\/li>\n<\/ol>\n<p>La Commissione \u00e8 cos\u00ec costituita:<\/p>\n<ul>\n<li>Il Dirigente Scolastico o un suo delegato<\/li>\n<li>1 insegnante di scuola d\u2019infanzia scelto tra i componenti del C.d.C.<\/li>\n<li>2 insegnanti di scuola primaria scelti tra i componenti del C.d.C.<\/li>\n<li>3 genitori membri del C.d.C.<\/li>\n<\/ul>\n<ol start=\"2\">\n<li><strong>Minori con accesso prioritario<\/strong><\/li>\n<\/ol>\n<p>Per assicurare un equilibrato svolgimento delle attivit\u00e0 didattico educative in ogni sezione di scuola dell\u2019infanzia o classe di scuola primaria, compatibilmente alle richieste inoltrate, si cercher\u00e0 di inserire, di norma, non pi\u00f9 di due bambini con disabilit\u00e0 certificata (ai sensi della legge 104\/1992) per sezione di scuola dell\u2019infanzia o per classe di scuola primaria. Per quanto riguarda la priorit\u00e0 dell\u2019inserimento di questi alunni si seguiranno i seguenti criteri nell\u2019ordine indicato:<\/p>\n<ol>\n<li>Gli alunni con disabilit\u00e0 certificata ai sensi della legge 104\/1992, il cui nucleo famigliare \u00e8 residente\/domiciliato presso lo stradario (si veda allegato alla presente regolamento) della scuola presso la quale si presenta la domanda di iscrizione come prima scelta, avranno la priorit\u00e0, limitatamente alla scelta della scuola, rispetto a tutti gli altri alunni.<\/li>\n<li>Nel caso le domande di iscrizione degli alunni il cui nucleo famigliare \u00e8 residente\/domiciliato presso lo stradario della scuola non esauriscano tutti i posti disponibili (tenuto conto del limite del numero degli alunni come indicato al comma 3 del presente articolo e del limite del numero degli alunni in situazione di disabilit\u00e0 come all\u2019inizio del presente comma) potranno essere accolte ulteriori domande di iscrizione, in tal caso, avranno la priorit\u00e0, limitatamente alla scelta della scuola, gli alunni in situazione di disabilit\u00e0 aventi dei fratelli attualmente frequentanti fino al penultimo anno della scuola per la quale si presenta la domanda.<\/li>\n<li>Nel caso le domande di iscrizione degli alunni il cui nucleo famigliare \u00e8 residente\/domiciliato presso lo stradario della scuola sommate a quelle degli alunni in situazione di disabilit\u00e0 aventi dei fratelli attualmente frequentanti fino al penultimo anno della scuola per la quale si presenta la domanda non esauriscano tutti i posti disponibili (tenuto conto del limite del numero degli alunni come indicato al comma 3 del presente articolo e del limite del numero degli alunni in situazione di disabilit\u00e0 come all\u2019inizio del presente comma) potranno essere accolte ulteriori domande di iscrizione, in tal caso, avranno la priorit\u00e0, limitatamente alla scelta della scuola, gli alunni in situazione di disabilit\u00e0 il cui nucleo famigliare \u00e8 residente\/domiciliato presso lo stradario del Circolo Didattico 6 Rimini.<\/li>\n<li>Nel caso le domande di iscrizione degli alunni il cui nucleo famigliare \u00e8 residente\/domiciliato presso lo stradario del Circolo Didattico 6 Rimini sommate a quelle degli alunni aventi dei fratelli attualmente frequentanti fino al penultimo anno della scuola per la quale si presenta la domanda non esauriscano tutti i posti disponibili (tenuto conto del limite del numero degli alunni come indicato al comma 3 del presente articolo e del limite del numero degli alunni in situazione di disabilit\u00e0 come all\u2019inizio del presente comma) potranno essere accolte ulteriori domande di iscrizione, in tal caso, avranno la priorit\u00e0, limitatamente alla scelta della scuola, gli alunni in situazione di disabilit\u00e0 per i quali almeno uno dei genitori ha sede lavorativa presso lo stradario della scuola in cui si presenta domanda di iscrizione.<\/li>\n<li>Nel caso le domande di iscrizione degli alunni il cui nucleo famigliare \u00e8 residente\/domiciliato presso lo stradario del Circolo Didattico 6 Rimini sommate a quelle degli alunni aventi dei fratelli attualmente frequentanti fino al penultimo anno della scuola per la quale si presenta la domanda non esauriscano tutti i posti disponibili (tenuto conto del limite del numero degli alunni come indicato al comma 3 del presente articolo e del limite del numero degli alunni in situazione di disabilit\u00e0 come all\u2019inizio del presente comma) potranno essere accolte ulteriori domande di iscrizione, in tal caso, avranno la priorit\u00e0, limitatamente alla scelta della scuola, gli alunni in situazione di disabilit\u00e0 per i quali almeno uno dei nonni ha la residenza\/domicilio presso lo stradario della scuola in cui si presenta domanda di iscrizione.<\/li>\n<li>Nel caso in cui le domande di iscrizione degli alunni che hanno dei punti riferiti alla lettera \u201ca\u201d del comma 5 per le domande di iscrizione alla scuola dell\u2019infanzia o alla lettera \u201ca\u201d del comma 6 per le domande di iscrizione alla scuola primaria non esauriscano i posti disponibili (tenuto conto del limite del numero degli alunni come indicato al comma 3 del presente articolo e del limite degli alunni in situazione di disabilit\u00e0 come all\u2019inizio del presente comma) gli alunni in situazione di disabilit\u00e0 certificata avranno la priorit\u00e0 rispetto agli altri alunni in graduatoria.<\/li>\n<\/ol>\n<p>Rispetto ai criteri di precedenza di cui sopra, nel caso di richiesta di iscrizione da parte di 3 o pi\u00f9 alunni in situazione di disabilit\u00e0, la precedenza relativa tra gli stessi verr\u00e0 stabilita in base ai criteri riportati nei paragrafi \u201cCriteri per stabilire la precedenza nel caso di eccedenza del numero di iscrizioni nelle sezioni della scuola dell\u2019infanzia\u201d e \u201cCriteri per stabilire la precedenza nel caso di eccedenza del numero di iscrizioni nelle classi prime di scuola primaria, indipendentemente dal Tempo Scuola indicato nella domanda di iscrizione (limitatamente alle domande presentate alle scuole indicate come prime opzioni)\u201d dell\u2019allegato 6.<\/p>\n<p>Per quanto riguarda la scelta del tempo scuola verr\u00e0 riconosciuta una priorit\u00e0 agli alunni in situazione di disabilit\u00e0 certificata solamente nei casi in cui:<\/p>\n<ul>\n<li>Il medico dell\u2019A.U.S.L. di competenza e incaricato a seguire il caso faccia esplicito riferimento, per motivi di carattere didattico ed educativo allo specifico tempo scuola richiesto<\/li>\n<li>Nel caso di \u201cgravit\u00e0 funzionale certificata\u201d e di richiesta di \u201cTempo pieno\u201d (vista la particolarit\u00e0 di questo modello orario), sia presente nella certificazione la richiesta della presenza di un educatore, e il medico dell\u2019ASL di competenza e incaricato a seguire il caso dichiari di richiedere al \u201ctavolo tecnico\u201d almeno 20 ore settimanali di educatore.<\/li>\n<\/ul>\n<p>Viene altres\u00ec riconosciuto l\u2019accesso prioritario ai minori in situazione di grave disagio familiare solamente nel caso in cui sia la tutela Minori a richiedere espressamente l\u2019iscrizione in una delle scuole del Circolo Didattico 6 Rimini e comunque nei limiti di un posto per ciascuna delle sezioni classi presenti. Nel caso che il numero di segnalazioni ecceda i posti riservati la scuola chieder\u00e0 alla Tutela Minori di indicare i casi che hanno diritto di priorit\u00e0.<\/p>\n<ol start=\"3\">\n<li><strong>Numero massimo di sezioni\/classi. Numero massimo di alunni per sezione\/classe<\/strong><\/li>\n<\/ol>\n<p>Considerati gli spazi presenti nei vari plessi si costituiranno nella scuola dell\u2019infanzia \u201cAlbero dei bambini\u201d non pi\u00f9 di 3 sezioni, nella scuola dell\u2019infanzia \u201cLa Capriola\u201d non pi\u00f9 di 2 sezioni, nella scuola dell\u2019infanzia \u201cLa Gabbianella\u201d non pi\u00f9 di 4 sezioni, nella scuola primaria \u201cGaiofana\u201d non pi\u00f9 di 1 classe prima (a 40 ore, se richiesta dalla maggior parte degli iscritti), nella scuola primaria \u201cG. B. Casti\u201d non pi\u00f9 di 3 classi prime (di cui non pi\u00f9 di 1 a tempo pieno), nella scuola primaria \u201cG. Rodari\u201d non pi\u00f9 di 2 classi prime (di cui non pi\u00f9 di 1 a tempo pieno), nella scuola primaria \u201cVillaggio 1\u00b0 Maggio\u201d non pi\u00f9 di 3 classi prime (di cui non pi\u00f9 di 1 a tempo pieno).<\/p>\n<p>Il numero massimo di alunni per sezione\/classe verr\u00e0 valutato caso per caso tenendo conto sia della capienza delle aule, sia della presenza di bambini in situazione di grave disagio, sia con certificazione (in base alla Legge 104\/1992).<\/p>\n<p>Il numero di alunni per classe della scuola primaria non potr\u00e0 essere superiore a 26, il limite di 26 alunni potr\u00e0 essere superato, non valicando comunque i limiti di affollamento delle aule previsto dalla normativa vigente in materia di sicurezza, solamente nei casi in cui un alunno residente nello stradario del Circolo didattico non trovi collocazione in nessuna delle classi di questa Istituzione scolastica, indipendentemente dal modello orario richiesto. Per questioni pedagogiche, didattiche e strutturali, il numero di alunni per sezione della scuola dell&#8217;infanzia \u201cLa Gabbianella\u201d non potr\u00e0 essere superiore a 28, il numero di alunni per sezione della scuola dell&#8217;infanzia \u201cLa Capriola\u201d non potr\u00e0 essere superiore a 24, il numero di alunni in due sezioni della scuola dell&#8217;infanzia \u201cAlbero dei bambini\u201d non potr\u00e0 essere superiore a 18 e in una sezione non potr\u00e0 eccedere il numero di 23.<\/p>\n<p>Data la particolare situazione sanitaria per l\u2019a.s. 2021\/2022 verr\u00e0 tenuta presente la capienza dichiarata dal Comune di Rimini nel mese di luglio 2019 e come successivamente aggiornata, in relazione al rispetto dei parametri indicati dal CTS per l\u2019attivit\u00e0 didattica, ovvero il distanziamento di 1 metro lineare tra le \u201crime buccali\u201d tra gli alunni e di 2 mt tra gli alunni e il docente (posizione cattedra e di movimento docente).<\/p>\n<ol start=\"4\">\n<li><strong>Formazione delle sezioni\/classi<\/strong><\/li>\n<\/ol>\n<p>Le insegnanti e il Dirigente Scolastico provvederanno a suddividere gli alunni ammessi alla frequenza delle diverse sezioni\/classi del Circolo nell\u2019ottica della creazione di gruppi equilibrati per numero, et\u00e0, genere e condizione degli alunni. La scuola cercher\u00e0 di acquisire conoscenza dei dati pi\u00f9 significativi al fine di raggiungere tale scopo: gli elementi informativi provengono dagli organismi socio-sanitari dell&#8217;A.U.S.L., o dagli operatori delle scuole dell&#8217;infanzia (per quanto riguarda la formazione delle classi prime di scuola primaria) o dalle famiglie stesse degli alunni.<\/p>\n<p>Nel caso nella medesima scuola dell\u2019infanzia siano presenti due fratelli verranno messi in sezioni diverse ad eccezione di gravi e documentate motivazioni.<\/p>\n<p>Per quanto riguarda la formazioni delle classi prime di scuola primaria si cercher\u00e0 di far s\u00ec che ci sia almeno un gruppo di 3 bambini provenienti dalla stessa scuola dell\u2019infanzia.<\/p>\n<p>Ai fini dell&#8217;assegnazione alle varie classi degli alunni ripetenti o provenienti da altre scuole all&#8217;inizio o nel corso dell&#8217;anno scolastico, il Consiglio di Circolo indica i seguenti criteri:<\/p>\n<ul>\n<li>Prioritariamente vengono esaminati e confrontati i dati oggettivi di ricettivit\u00e0 delle classi interessate all&#8217;iscrizione dei nuovi alunni, ma anche sar\u00e0 tenuta in considerazione la condizione pedagogico-didattica al fine di non appesantire le classi o vanificare eventuali operazioni di recupero in atto<\/li>\n<li>A parit\u00e0 di condizioni pedagogiche &#8211; didattiche vengono assegnati alternativamente i nuovi alunni alle classi con minor numero di iscritti fino al pareggio numerico fra le varie sezioni.<\/li>\n<\/ul>\n<h3 style=\"text-align: center;\"><span style=\"color: #ff0000;\"><strong>I criteri di precedenza sono esplicitati nell\u2019allegato 6\u00a0<\/strong><\/span><\/h3>\n<p><a href=\"http:\/\/scuole.rimini.com\/cd6rimini.gov.it\/wp-content\/uploads\/2020\/12\/ALLEGATO-6_Criteri-per-stabilire-la-precedenza-in-caso-di-eccedenza-del-numero-di-iscrizioni.pdf\">ALLEGATO-6_Criteri-per-stabilire-la-precedenza-in-caso-di-eccedenza-del-numero-di-iscrizioni<\/a><\/p>\n<p><a href=\"http:\/\/scuole.rimini.com\/cd6rimini.gov.it\/segreteria\/iscrizioni\/strade-associate-alle-scuole\/\" target=\"_blank\" rel=\"noopener\"><strong>Lo stradario relativo ai plessi del Circolo si trova nell\u2019allegato 7<\/strong><\/a><\/p>\n<p>&nbsp;<\/p>\n","protected":false},"excerpt":{"rendered":"<p>Per quanto riguarda le domande di iscrizione alla scuola primaria siete fortemente invitati ad indicare oltre alla prima opzione di scuola, anche la seconda e terza opzione di scuola. Le domande che non conterranno la seconda o la terza opzione verranno prese in considerazione dopo che avranno trovato una collocazione le domande (presentate anche presso&nbsp; &nbsp; <a class=\"moretag\" href=\"http:\/\/scuole.rimini.com\/cd6rimini.gov.it\/segreteria\/iscrizioni\/criteri-di-precedenza\/\" title=\"Leggi l&#180;intero articolo\">&raquo;<\/a><\/p>\n","protected":false},"author":1,"featured_media":24889,"parent":69,"menu_order":0,"comment_status":"closed","ping_status":"open","template":"","meta":[],"_links":{"self":[{"href":"http:\/\/scuole.rimini.com\/cd6rimini.gov.it\/wp-json\/wp\/v2\/pages\/7536"}],"collection":[{"href":"http:\/\/scuole.rimini.com\/cd6rimini.gov.it\/wp-json\/wp\/v2\/pages"}],"about":[{"href":"http:\/\/scuole.rimini.com\/cd6rimini.gov.it\/wp-json\/wp\/v2\/types\/page"}],"author":[{"embeddable":true,"href":"http:\/\/scuole.rimini.com\/cd6rimini.gov.it\/wp-json\/wp\/v2\/users\/1"}],"replies":[{"embeddable":true,"href":"http:\/\/scuole.rimini.com\/cd6rimini.gov.it\/wp-json\/wp\/v2\/comments?post=7536"}],"version-history":[{"count":50,"href":"http:\/\/scuole.rimini.com\/cd6rimini.gov.it\/wp-json\/wp\/v2\/pages\/7536\/revisions"}],"predecessor-version":[{"id":24890,"href":"http:\/\/scuole.rimini.com\/cd6rimini.gov.it\/wp-json\/wp\/v2\/pages\/7536\/revisions\/24890"}],"up":[{"embeddable":true,"href":"http:\/\/scuole.rimini.com\/cd6rimini.gov.it\/wp-json\/wp\/v2\/pages\/69"}],"wp:featuredmedia":[{"embeddable":true,"href":"http:\/\/scuole.rimini.com\/cd6rimini.gov.it\/wp-json\/wp\/v2\/media\/24889"}],"wp:attachment":[{"href":"http:\/\/scuole.rimini.com\/cd6rimini.gov.it\/wp-json\/wp\/v2\/media?parent=7536"}],"curies":[{"name":"wp","href":"https:\/\/api.w.org\/{rel}","templated":true}]}}