{"id":7538,"date":"2015-01-05T18:02:50","date_gmt":"2015-01-05T17:02:50","guid":{"rendered":"http:\/\/scuole.rimini.com\/cd6rimini.gov.it\/?page_id=7538"},"modified":"2020-12-20T17:41:27","modified_gmt":"2020-12-20T16:41:27","slug":"patto-formativo","status":"publish","type":"page","link":"http:\/\/scuole.rimini.com\/cd6rimini.gov.it\/segreteria\/iscrizioni\/patto-formativo\/","title":{"rendered":"Patto di Corresponsabilit\u00e0"},"content":{"rendered":"<p style=\"text-align: left;\"><img loading=\"lazy\" class=\" wp-image-15174 alignright\" src=\"http:\/\/scuole.rimini.com\/cd6rimini.gov.it\/wp-content\/uploads\/2015\/01\/casti-pupazze-300x225.jpg\" alt=\"casti pupazze\" width=\"255\" height=\"191\" srcset=\"http:\/\/scuole.rimini.com\/cd6rimini.gov.it\/wp-content\/uploads\/2015\/01\/casti-pupazze-300x225.jpg 300w, http:\/\/scuole.rimini.com\/cd6rimini.gov.it\/wp-content\/uploads\/2015\/01\/casti-pupazze-768x576.jpg 768w, http:\/\/scuole.rimini.com\/cd6rimini.gov.it\/wp-content\/uploads\/2015\/01\/casti-pupazze.jpg 1024w\" sizes=\"(max-width: 255px) 100vw, 255px\" \/>All&#8217;inizio dell&#8217;anno scolastico, gli insegnanti convocano i genitori delle classi prime per avviare una prima\u00a0conoscenza Scuola-Famiglia , presentando\u00a0l&#8217;organizzazione delle classi e spiegando il Patto di Corresponsabilit\u00e0 scuola-famiglia, documento che contiene linee essenziali per una buona relazione e una adeguata organizzazione, basate sulla conoscenza di linee educative coerenti e condivise.<\/p>\n<p>I Patti di Corresponsabilit\u00e0 dei plessi sono il frutto di un lavoro condiviso tra genitori e insegnanti, riuniti in incontri serali di plesso, in gruppi di ordine di\u00a0 scuola (Infanzia &#8211; Primaria) e di Circolo, svolti durante l&#8217;anno scolastico 2017-2018.<\/p>\n<p>I Patti sono stati presentati e discussi nelle assemblee di classe, riletti e implementati dagli alunni che li hanno personalizzati con le loro proposte.<\/p>\n<p>Ad inizio d&#8217;anno 2020\/2021, causa l&#8217;epidemia di Covid19, un gruppo di insegnanti e genitori si \u00e8 nuovamente riunito per integrare il Patto di Corresponsabilit\u00e0. Ai Patti delle singole scuole \u00e8 stato aggiunto un paragrafo nel quale sono state esplicitate:<\/p>\n<ul>\n<li>le disposizioni e le direttive contenute nel protocollo che \u00e8 stato redatto all\u2019interno di ogni plesso del Circolo seguendo le linee guida del Ministero<\/li>\n<li>il parere espresso in data 28 maggio dal Comitato Tecnico Scientifico (CTS) istituito presso il Dipartimento della Protezione Civile<\/li>\n<li>il \u201cRapporto ISS Covid 19_n\u00b058\/2020 Rev. del 28 Agosto 2020\u201d e seguenti.<\/li>\n<\/ul>\n<p>Di seguito sono visionabili e scaricabili i Patti di Corresponsabilit\u00e0 delle Scuole d&#8217;Infanzia e delle Scuole Primarie del Circolo.<\/p>\n<h3><span style=\"color: #3366ff;\"> INFANZIA &#8220;ALBERO DEI BAMBINI&#8221; &#8211;\u00a0<\/span><span style=\"color: #3366ff;\">PATTO DI CORRESPONSABILIT\u00c0 ORIGINALE<\/span><\/h3>\n<p><a href=\"http:\/\/scuole.rimini.com\/cd6rimini.gov.it\/wp-content\/uploads\/2018\/12\/Infanzia-Albero-dei-bambini-PATTO-DI-CORRESPONSABILITA-intestato.doc\">Infanzia Albero dei bambini PATTO DI CORRESPONSABILIT\u00c0<\/a><\/p>\n<h4><span style=\"color: #ff0000;\">PATTO DI CORRESPONSABILITA&#8217; E IMPEGNI LEGATI AL COVID 2020-21<\/span><\/h4>\n<p><a href=\"http:\/\/scuole.rimini.com\/cd6rimini.gov.it\/wp-content\/uploads\/2020\/12\/Patto-Infanzia_Albero-dei-bambini_2020-2021_integrato-v02.doc\">Infanzia Albero dei bambini_2020-2021_integrato<\/a><\/p>\n<p>&nbsp;<\/p>\n<h3><span style=\"color: #3366ff;\">INFANZIA &#8220;GABBIANELLA&#8221; &#8211;\u00a0<\/span><span style=\"color: #3366ff;\">PATTO DI CORRESPONSABILIT\u00c0\u00a0<\/span><span style=\"color: #3366ff;\">ORIGINALE<\/span><\/h3>\n<p><a href=\"http:\/\/scuole.rimini.com\/cd6rimini.gov.it\/wp-content\/uploads\/2018\/12\/Infanzia-Gabbianella-PATTO-DI-CORRESPONSABILITA-intestato.doc\">Infanzia Gabbianella PATTO DI CORRESPONSABILIT\u00c0<\/a><\/p>\n<h4><span style=\"color: #ff0000;\">PATTO DI CORRESPONSABILITA&#8217; E IMPEGNI LEGATI AL COVID 2020-21<\/span><\/h4>\n<p><a href=\"http:\/\/scuole.rimini.com\/cd6rimini.gov.it\/wp-content\/uploads\/2020\/12\/Patto-Infanzia_La-Gabbianella_2020-2021_integrato_v02.doc\">Infanzia La Gabbianella_2020-2021_integrato<\/a><\/p>\n<p>&nbsp;<\/p>\n<h3><span style=\"color: #3366ff;\">PATTO DI CORRESPONSABILIT\u00c0 INFANZIA &#8220;LA CAPRIOLA&#8221;\u00a0<\/span><span style=\"color: #3366ff;\">ORIGINALE<\/span><\/h3>\n<p><a href=\"http:\/\/scuole.rimini.com\/cd6rimini.gov.it\/wp-content\/uploads\/2018\/12\/Infanzia-La-Capriola-PATTO-DI-CORRESPONSABILITA-intestato.doc\">Infanzia La Capriola PATTO DI CORRESPONSABILIT\u00c0<\/a><\/p>\n<h4><span style=\"color: #ff0000;\">PATTO DI CORRESPONSABILITA&#8217; E IMPEGNI LEGATI AL COVID 2020-21<\/span><\/h4>\n<p><a href=\"http:\/\/scuole.rimini.com\/cd6rimini.gov.it\/wp-content\/uploads\/2020\/12\/Patto-Infanzia_La-Capriola_2020-2021_integrato_v02.doc\">Patto Infanzia_La-Capriola_2020-2021_integrato<\/a><\/p>\n<p>&nbsp;<\/p>\n<h3><span style=\"color: #3366ff;\">PATTO DI CORRESPONSABILIT\u00c0 PRIMARIA &#8220;G.B. CASTI&#8221;\u00a0<\/span><span style=\"color: #3366ff;\">ORIGINALE<\/span><\/h3>\n<p><a href=\"http:\/\/scuole.rimini.com\/cd6rimini.gov.it\/wp-content\/uploads\/2018\/12\/Primaria-G.B.-Casti-PATTO-DI-CORRESPONSABILITA-intestato.doc\">Primaria G.B. Casti PATTO DI CORRESPONSABILIT\u00c0<\/a><\/p>\n<h4><span style=\"color: #ff0000;\">PATTO DI CORRESPONSABILITA&#8217; E IMPEGNI LEGATI AL COVID 2020-21<\/span><\/h4>\n<p><a href=\"http:\/\/scuole.rimini.com\/cd6rimini.gov.it\/wp-content\/uploads\/2020\/12\/Patto-Primaria_G.B.-Casti_2020-2021_integrato_v02.doc\">Patto Primaria G.B. Casti_2020-2021_integrato<\/a><\/p>\n<p>&nbsp;<\/p>\n<h3><span style=\"color: #3366ff;\">PATTO DI CORRESPONSABILIT\u00c0 PRIMARIA &#8220;GAIOFANA&#8221;\u00a0<\/span><span style=\"color: #3366ff;\">ORIGINALE<\/span><\/h3>\n<p><a href=\"http:\/\/scuole.rimini.com\/cd6rimini.gov.it\/wp-content\/uploads\/2018\/12\/Primaria-Gaiofana-PATTO-DI-CORRESPONSABILITA-intestato.doc\">Primaria Gaiofana PATTO DI CORRESPONSABILIT\u00c0<\/a><\/p>\n<h4><span style=\"color: #ff0000;\">PATTO DI CORRESPONSABILITA&#8217; E IMPEGNI LEGATI AL COVID 2020-21<\/span><\/h4>\n<p><a href=\"http:\/\/scuole.rimini.com\/cd6rimini.gov.it\/wp-content\/uploads\/2020\/12\/Patto-Primaria_Gaiofana_2020-2021_integrato_v02.doc\">Patto Primaria_Gaiofana_2020-2021_integrato<\/a><\/p>\n<p>&nbsp;<\/p>\n<h3><span style=\"color: #3366ff;\">PATTO DI CORRESPONSABILIT\u00c0 PRIMARIA &#8220;G. RODARI&#8221;\u00a0<\/span><span style=\"color: #3366ff;\">ORIGINALE<\/span><\/h3>\n<p><a href=\"http:\/\/scuole.rimini.com\/cd6rimini.gov.it\/wp-content\/uploads\/2018\/12\/Primaria-G.-Rodari-PATTO-DI-CORRESPONSABILITA-intestato.doc\">Primaria G. Rodari PATTO DI CORRESPONSABILIT\u00c0<\/a><\/p>\n<h4><span style=\"color: #ff0000;\">PATTO DI CORRESPONSABILITA&#8217; E IMPEGNI LEGATI AL COVID 2020-21<\/span><\/h4>\n<p><a href=\"http:\/\/scuole.rimini.com\/cd6rimini.gov.it\/wp-content\/uploads\/2020\/12\/Patto-Primaria_G.-Rodari_2020-2021_integrato_v02.doc\">Patto Primaria_G.-Rodari_2020-2021_integrato<\/a><\/p>\n<p>&nbsp;<\/p>\n<h3><span style=\"color: #3366ff;\">PATTO DI CORRESPONSABILIT\u00c0 PRIMARIA &#8220;VILLAGGIO I MAGGIO&#8221;\u00a0<\/span><span style=\"color: #3366ff;\">ORIGINALE<\/span><\/h3>\n<p><a href=\"http:\/\/scuole.rimini.com\/cd6rimini.gov.it\/wp-content\/uploads\/2018\/12\/Primaria-Villaggio-I-Maggio-PATTO-DI-CORRESPONSABILITA-intestato.doc\">Primaria Villaggio I Maggio PATTO DI CORRESPONSABILIT\u00c0<\/a><\/p>\n<h4><span style=\"color: #ff0000;\">PATTO DI CORRESPONSABILITA&#8217; E IMPEGNI LEGATI AL COVID 2020-21<\/span><\/h4>\n<p><a href=\"http:\/\/scuole.rimini.com\/cd6rimini.gov.it\/wp-content\/uploads\/2020\/12\/Patto-Primaria_Villaggio-I-Maggio_2020-2021_integrato_v02.doc\">Patto Primaria Villaggio I Maggio_2020-2021_integrato<\/a><\/p>\n<p>&nbsp;<\/p>\n","protected":false},"excerpt":{"rendered":"<p>All&#8217;inizio dell&#8217;anno scolastico, gli insegnanti convocano i genitori delle classi prime per avviare una prima\u00a0conoscenza Scuola-Famiglia , presentando\u00a0l&#8217;organizzazione delle classi e spiegando il Patto di Corresponsabilit\u00e0 scuola-famiglia, documento che contiene linee essenziali per una buona relazione e una adeguata organizzazione, basate sulla conoscenza di linee educative coerenti e condivise. I Patti di Corresponsabilit\u00e0 dei plessi&nbsp; &nbsp; <a class=\"moretag\" href=\"http:\/\/scuole.rimini.com\/cd6rimini.gov.it\/segreteria\/iscrizioni\/patto-formativo\/\" title=\"Leggi l&#180;intero articolo\">&raquo;<\/a><\/p>\n","protected":false},"author":1,"featured_media":0,"parent":69,"menu_order":0,"comment_status":"closed","ping_status":"open","template":"","meta":[],"_links":{"self":[{"href":"http:\/\/scuole.rimini.com\/cd6rimini.gov.it\/wp-json\/wp\/v2\/pages\/7538"}],"collection":[{"href":"http:\/\/scuole.rimini.com\/cd6rimini.gov.it\/wp-json\/wp\/v2\/pages"}],"about":[{"href":"http:\/\/scuole.rimini.com\/cd6rimini.gov.it\/wp-json\/wp\/v2\/types\/page"}],"author":[{"embeddable":true,"href":"http:\/\/scuole.rimini.com\/cd6rimini.gov.it\/wp-json\/wp\/v2\/users\/1"}],"replies":[{"embeddable":true,"href":"http:\/\/scuole.rimini.com\/cd6rimini.gov.it\/wp-json\/wp\/v2\/comments?post=7538"}],"version-history":[{"count":15,"href":"http:\/\/scuole.rimini.com\/cd6rimini.gov.it\/wp-json\/wp\/v2\/pages\/7538\/revisions"}],"predecessor-version":[{"id":24760,"href":"http:\/\/scuole.rimini.com\/cd6rimini.gov.it\/wp-json\/wp\/v2\/pages\/7538\/revisions\/24760"}],"up":[{"embeddable":true,"href":"http:\/\/scuole.rimini.com\/cd6rimini.gov.it\/wp-json\/wp\/v2\/pages\/69"}],"wp:attachment":[{"href":"http:\/\/scuole.rimini.com\/cd6rimini.gov.it\/wp-json\/wp\/v2\/media?parent=7538"}],"curies":[{"name":"wp","href":"https:\/\/api.w.org\/{rel}","templated":true}]}}